{"id":8598,"date":"2025-11-16T14:34:01","date_gmt":"2025-11-16T13:34:01","guid":{"rendered":"https:\/\/www.schulzentrum-stetten-akm.de\/?page_id=8598"},"modified":"2025-11-16T14:34:02","modified_gmt":"2025-11-16T13:34:02","slug":"dein-schulleben-auf-die-ohren-podcast","status":"publish","type":"page","link":"https:\/\/www.schulzentrum-stetten-akm.de\/uk\/dein-schulleben-auf-die-ohren-podcast\/","title":{"rendered":"Dein Schulleben auf die Ohren! #podcast"},"content":{"rendered":"<p>Schule ist mehr als nur Unterricht. Es ist Chaos, Stress, Freundschaft, coole Projekte und viel zu wenig Schlaf! <\/p>\n\n\n\n<p>Willkommen an dem Ort, an dem du h\u00f6rst, was im Alltag von <strong>Sch\u00fclerinnen und Sch\u00fclern<\/strong> los ist.<\/p>\n\n\n\n<p>Wir sind die Stimmen eurer Mitsch\u00fcler und reden \u00fcber das, was uns alle bewegt.<\/p>\n\n\n\n<p>Dieser Podcast ist <strong>von Sch\u00fclern f\u00fcr Sch\u00fcler<\/strong>. Und er lebt von euren Themen, euren Meinungen und euren Stimmen!<\/p>\n\n\n\n<p><strong>H\u00f6r rein, lach mit, mach mit!<\/strong><\/p>\n\n\n\n<p>Willst auch DU dem n\u00e4chsten Podcast deine Stimme leihen? Dann melde dich bei Frau Karsten.<\/p>\n\n\n\n<div class=\"wp-block-query is-layout-flow wp-block-query-is-layout-flow\"><ul class=\"wp-block-post-template is-layout-flow wp-block-post-template-is-layout-flow\"><li class=\"wp-block-post post-8594 post type-post status-publish format-standard has-post-thumbnail hentry category-podcasts\">\n\n<div class=\"wp-block-columns alignwide is-layout-flex wp-container-core-columns-is-layout-1 wp-block-columns-is-layout-flex\">\n<div class=\"wp-block-column is-layout-flow wp-block-column-is-layout-flow\" style=\"flex-basis:66.66%\"><figure class=\"wp-block-post-featured-image\"><a href=\"https:\/\/www.schulzentrum-stetten-akm.de\/uk\/erster-podcast-ist-fertig\/\" target=\"_self\"  ><img loading=\"lazy\" decoding=\"async\" width=\"1920\" height=\"1080\" src=\"https:\/\/www.schulzentrum-stetten-akm.de\/wp-content\/uploads\/2025\/11\/PODCAST.jpg\" class=\"attachment-post-thumbnail size-post-thumbnail wp-post-image\" alt=\"Erster Podcast ist fertig!\" style=\"object-fit:cover;\" srcset=\"https:\/\/www.schulzentrum-stetten-akm.de\/wp-content\/uploads\/2025\/11\/PODCAST.jpg 1920w, https:\/\/www.schulzentrum-stetten-akm.de\/wp-content\/uploads\/2025\/11\/PODCAST-300x169.jpg 300w, https:\/\/www.schulzentrum-stetten-akm.de\/wp-content\/uploads\/2025\/11\/PODCAST-1024x576.jpg 1024w, https:\/\/www.schulzentrum-stetten-akm.de\/wp-content\/uploads\/2025\/11\/PODCAST-768x432.jpg 768w, https:\/\/www.schulzentrum-stetten-akm.de\/wp-content\/uploads\/2025\/11\/PODCAST-1536x864.jpg 1536w, https:\/\/www.schulzentrum-stetten-akm.de\/wp-content\/uploads\/2025\/11\/PODCAST-18x10.jpg 18w\" sizes=\"auto, (max-width: 1920px) 100vw, 1920px\" \/><\/a><\/figure><\/div>\n\n\n\n<div class=\"wp-block-column is-layout-flow wp-block-column-is-layout-flow\" style=\"flex-basis:33.33%\"><h2 class=\"wp-block-post-title\"><a href=\"https:\/\/www.schulzentrum-stetten-akm.de\/uk\/erster-podcast-ist-fertig\/\" target=\"_self\" >Erster Podcast ist fertig!<\/a><\/h2>\n\n<div class=\"wp-block-post-excerpt\"><p class=\"wp-block-post-excerpt__excerpt\">Willkommen zu unserer ersten Podcast-Folge! Hier sprechen die, um die sich alles dreht: unsere Sch\u00fclerinnen und Sch\u00fcler. Und worum geht es? Um alles, was dich bewegt. Also mach es dir &hellip; <\/p><\/div><\/div>\n<\/div>\n\n<\/li><\/ul><\/div>\n\n\n\n<p><\/p>","protected":false},"excerpt":{"rendered":"<p>Schule ist mehr als nur Unterricht. Es ist Chaos, Stress, Freundschaft, coole Projekte und viel zu wenig Schlaf! Willkommen an dem Ort, an dem du h\u00f6rst, was im Alltag von &hellip; <\/p>","protected":false},"author":48,"featured_media":0,"parent":0,"menu_order":0,"comment_status":"closed","ping_status":"closed","template":"","meta":{"footnotes":""},"class_list":["post-8598","page","type-page","status-publish","hentry"],"_links":{"self":[{"href":"https:\/\/www.schulzentrum-stetten-akm.de\/uk\/wp-json\/wp\/v2\/pages\/8598","targetHints":{"allow":["GET"]}}],"collection":[{"href":"https:\/\/www.schulzentrum-stetten-akm.de\/uk\/wp-json\/wp\/v2\/pages"}],"about":[{"href":"https:\/\/www.schulzentrum-stetten-akm.de\/uk\/wp-json\/wp\/v2\/types\/page"}],"author":[{"embeddable":true,"href":"https:\/\/www.schulzentrum-stetten-akm.de\/uk\/wp-json\/wp\/v2\/users\/48"}],"replies":[{"embeddable":true,"href":"https:\/\/www.schulzentrum-stetten-akm.de\/uk\/wp-json\/wp\/v2\/comments?post=8598"}],"version-history":[{"count":1,"href":"https:\/\/www.schulzentrum-stetten-akm.de\/uk\/wp-json\/wp\/v2\/pages\/8598\/revisions"}],"predecessor-version":[{"id":8599,"href":"https:\/\/www.schulzentrum-stetten-akm.de\/uk\/wp-json\/wp\/v2\/pages\/8598\/revisions\/8599"}],"wp:attachment":[{"href":"https:\/\/www.schulzentrum-stetten-akm.de\/uk\/wp-json\/wp\/v2\/media?parent=8598"}],"curies":[{"name":"wp","href":"https:\/\/api.w.org\/{rel}","templated":true}]}}

<p>Schule ist mehr als nur Unterricht. Es ist Chaos, Stress, Freundschaft, coole Projekte und viel zu wenig Schlaf! </p>



<p>Willkommen an dem Ort, an dem du hörst, was im Alltag von <strong>Schülerinnen und Schülern</strong> los ist.</p>



<p>Wir sind die Stimmen eurer Mitschüler und reden über das, was uns alle bewegt.</p>



<p>Dieser Podcast ist <strong>von Schülern für Schüler</strong>. Und er lebt von euren Themen, euren Meinungen und euren Stimmen!</p>



<p><strong>Hör rein, lach mit, mach mit!</strong></p>



<p>Willst auch DU dem nächsten Podcast deine Stimme leihen? Dann melde dich bei Frau Karsten.</p>



<div class="wp-block-query is-layout-flow wp-block-query-is-layout-flow"><ul class="wp-block-post-template is-layout-flow wp-block-post-template-is-layout-flow"><li class="wp-block-post post-8594 post type-post status-publish format-standard has-post-thumbnail hentry category-podcasts">

<div class="wp-block-columns alignwide is-layout-flex wp-container-core-columns-is-layout-1 wp-block-columns-is-layout-flex">
<div class="wp-block-column is-layout-flow wp-block-column-is-layout-flow" style="flex-basis:66.66%"><figure class="wp-block-post-featured-image"><a href="https://www.schulzentrum-stetten-akm.de/uk/erster-podcast-ist-fertig/" target="_self"  ><img loading="lazy" decoding="async" width="1920" height="1080" src="https://www.schulzentrum-stetten-akm.de/wp-content/uploads/2025/11/PODCAST.jpg" class="attachment-post-thumbnail size-post-thumbnail wp-post-image" alt="Erster Podcast ist fertig!" style="object-fit:cover;" srcset="https://www.schulzentrum-stetten-akm.de/wp-content/uploads/2025/11/PODCAST.jpg 1920w, https://www.schulzentrum-stetten-akm.de/wp-content/uploads/2025/11/PODCAST-300x169.jpg 300w, https://www.schulzentrum-stetten-akm.de/wp-content/uploads/2025/11/PODCAST-1024x576.jpg 1024w, https://www.schulzentrum-stetten-akm.de/wp-content/uploads/2025/11/PODCAST-768x432.jpg 768w, https://www.schulzentrum-stetten-akm.de/wp-content/uploads/2025/11/PODCAST-1536x864.jpg 1536w, https://www.schulzentrum-stetten-akm.de/wp-content/uploads/2025/11/PODCAST-18x10.jpg 18w" sizes="auto, (max-width: 1920px) 100vw, 1920px" /></a></figure></div>



<div class="wp-block-column is-layout-flow wp-block-column-is-layout-flow" style="flex-basis:33.33%"><h2 class="wp-block-post-title"><a href="https://www.schulzentrum-stetten-akm.de/uk/erster-podcast-ist-fertig/" target="_self" >Erster Podcast ist fertig!</a></h2>

<div class="wp-block-post-excerpt"><p class="wp-block-post-excerpt__excerpt">Willkommen zu unserer ersten Podcast-Folge! Hier sprechen die, um die sich alles dreht: unsere Schülerinnen und Schüler. Und worum geht es? Um alles, was dich bewegt. Also mach es dir &hellip; </p></div></div>
</div>

</li></ul></div>



<p></p>

<p>Schule ist mehr als nur Unterricht. Es ist Chaos, Stress, Freundschaft, coole Projekte und viel zu wenig Schlaf! Willkommen an dem Ort, an dem du hörst, was im Alltag von &hellip; </p>
