{"id":5213,"date":"2022-03-16T13:44:14","date_gmt":"2022-03-16T12:44:14","guid":{"rendered":"https:\/\/www.schulzentrum-stetten-akm.de\/?page_id=5213"},"modified":"2022-03-16T13:44:14","modified_gmt":"2022-03-16T12:44:14","slug":"\u043f\u0440\u043e\u0444\u0456\u043b\u044c\u043d\u0456-\u043f\u0440\u0435\u0434\u043c\u0435\u0442\u0438","status":"publish","type":"page","link":"https:\/\/www.schulzentrum-stetten-akm.de\/uk\/\u043f\u0440\u043e\u0444\u0456\u043b\u044c\u043d\u0456-\u043f\u0440\u0435\u0434\u043c\u0435\u0442\u0438\/","title":{"rendered":"\u041f\u0440\u043e\u0444\u0456\u043b\u044c\u043d\u0456 \u043f\u0440\u0435\u0434\u043c\u0435\u0442\u0438"},"content":{"rendered":"<p>\u0412\u0430\u0436\u043b\u0438\u0432\u043e\u044e \u0447\u0430\u0441\u0442\u0438\u043d\u043e\u044e \u0448\u043a\u0456\u043b\u044c\u043d\u043e\u0457 \u043a\u0430\u0440'\u0454\u0440\u0438 \u0432 \u0417\u0417\u0421\u041e \u0454 \u0432\u0438\u0431\u0456\u0440 \"\u043f\u0440\u043e\u0444\u0456\u043b\u044c\u043d\u043e\u0433\u043e \u043f\u0440\u0435\u0434\u043c\u0435\u0442\u0430\" \u043d\u0430 8-\u043c\u0443 \u0440\u043e\u0446\u0456 \u043d\u0430\u0432\u0447\u0430\u043d\u043d\u044f. (<span style=\"color: #ff0000;\"><a style=\"color: #ff0000;\" href=\"https:\/\/km-bw.de\/site\/pbs-bw-new\/get\/documents\/KULTUS.Dachmandant\/KULTUS\/KM-Homepage\/Artikelseiten%20KP-KM\/Schularten\/Gemeinschaftsschule\/2018_Die%20Profilf%C3%A4cher%20an%20der%20GMS.pdf\" target=\"_blank\" rel=\"noopener noreferrer\">\u0406\u043d\u0444\u043e\u0440\u043c\u0430\u0446\u0456\u0439\u043d\u0438\u0439 \u0444\u043b\u0430\u0454\u0440 \u041f\u0440\u043e\u0444\u0456\u043b\u044c\u043d\u0456 \u043f\u0440\u0435\u0434\u043c\u0435\u0442\u0438 \u0432 \u0421\u0411\u041c<\/a><\/span>)<br>\u041f\u0430\u0440\u0442\u043d\u0435\u0440\u0438 \u043f\u043e \u043d\u0430\u0432\u0447\u0430\u043d\u043d\u044e \u043c\u043e\u0436\u0443\u0442\u044c \u043e\u0431\u0438\u0440\u0430\u0442\u0438 \u043c\u0456\u0436 \u043d\u0430\u0441\u0442\u0443\u043f\u043d\u0438\u043c\u0438 \u043f\u0440\u043e\u0444\u0456\u043b\u044c\u043d\u0438\u043c\u0438 \u043f\u0440\u0435\u0434\u043c\u0435\u0442\u0430\u043c\u0438:<\/p>\n<p><a href=\"https:\/\/km-bw.de\/site\/pbs-bw-km-root\/get\/documents_E2082981932\/KULTUS.Dachmandant\/KULTUS\/KM-Homepage\/Artikelseiten%20KP-KM\/Schularten\/Gemeinschaftsschule\/20191016%20HandreichungProfilfaecherMusikKunstSport.pdf\" target=\"_blank\" rel=\"noopener noreferrer\"><span style=\"color: #ff0000;\">\u0421\u043f\u043e\u0440\u0442<\/span><\/a><\/p>\n<p><a href=\"https:\/\/km-bw.de\/site\/pbs-bw-km-root\/get\/documents_E1776727488\/KULTUS.Dachmandant\/KULTUS\/KM-Homepage\/Publikationen%202021\/KM_Flyer_GMS_NwT_210617_web.pdf\" target=\"_blank\" rel=\"noopener noreferrer\"><span style=\"color: #ff0000;\">NWT (\u041f\u0440\u0438\u0440\u043e\u0434\u043d\u0438\u0447\u0456 \u043d\u0430\u0443\u043a\u0438 \u0442\u0430 \u0442\u0435\u0445\u043d\u043e\u043b\u043e\u0433\u0456\u0457)<\/span><\/a><\/p>\n<p><a href=\"https:\/\/km-bw.de\/site\/pbs-bw-km-root\/get\/documents_E-1839663610\/KULTUS.Dachmandant\/KULTUS\/KM-Homepage\/Publikationen%202020\/KM_Flyer_GMS_IMP_201019_web.pdf\" target=\"_blank\" rel=\"noopener noreferrer\"><span style=\"color: #ff0000;\">\u0406\u041c\u041f (\u0456\u043d\u0444\u043e\u0440\u043c\u0430\u0442\u0438\u043a\u0430, \u043c\u0430\u0442\u0435\u043c\u0430\u0442\u0438\u043a\u0430, \u0444\u0456\u0437\u0438\u043a\u0430)<\/span><\/a><\/p>\n<p>(\u041d\u0430\u0442\u0438\u0441\u043d\u0443\u0432\u0448\u0438 \u043d\u0430 \u0432\u0456\u0434\u043f\u043e\u0432\u0456\u0434\u043d\u0443 \u0442\u0435\u043c\u0443 \u043f\u0440\u043e\u0444\u0456\u043b\u044e, \u0432\u0438 \u043f\u0435\u0440\u0435\u0439\u0434\u0435\u0442\u0435 \u0434\u043e \u0432\u0456\u0434\u043f\u043e\u0432\u0456\u0434\u043d\u043e\u0457 \u0456\u043d\u0444\u043e\u0440\u043c\u0430\u0446\u0456\u0457 \u0432\u0456\u0434 \u041c\u0456\u043d\u0456\u0441\u0442\u0435\u0440\u0441\u0442\u0432\u0430 \u043e\u0441\u0432\u0456\u0442\u0438 \u0456 \u043a\u0443\u043b\u044c\u0442\u0443\u0440\u0438)<br><br>\u0412\u0430\u0448\u0430 \u0434\u0438\u0442\u0438\u043d\u0430 \u043e\u0442\u0440\u0438\u043c\u0430\u0454 \u0431\u044e\u043b\u0435\u0442\u0435\u043d\u044c \u0434\u043b\u044f \u0433\u043e\u043b\u043e\u0441\u0443\u0432\u0430\u043d\u043d\u044f \u0437 \u043f\u0440\u043e\u0444\u0456\u043b\u044c\u043d\u043e\u0433\u043e \u043f\u0440\u0435\u0434\u043c\u0435\u0442\u0443 \u0432 \u043d\u0430\u0439\u0431\u043b\u0438\u0436\u0447\u0456 \u043a\u0456\u043b\u044c\u043a\u0430 \u0434\u043d\u0456\u0432. \u0419\u043e\u0433\u043e \u043f\u043e\u0442\u0440\u0456\u0431\u043d\u043e \u0437\u0430\u043f\u043e\u0432\u043d\u0438\u0442\u0438 \u0442\u0430 \u043f\u043e\u0432\u0435\u0440\u043d\u0443\u0442\u0438 \u0434\u043e \u0448\u043a\u043e\u043b\u0438 \u0434\u043e 6 \u043a\u0432\u0456\u0442\u043d\u044f.<\/p>\n<p>&nbsp;<\/p>","protected":false},"excerpt":{"rendered":"<p>Ein wesentlicher Bestandteil der Schullaufbahn auf einer GMS beinhaltet in Lernstufe 8 die Wahl eines &#8222;Profilfachs&#8220;. (Info-Flyer Profilf\u00e4cher an der GMS)Die Lernpartner:innen k\u00f6nnen bei uns zwischen folgenden Profilf\u00e4chern w\u00e4hlen: Sport &hellip; <\/p>","protected":false},"author":1,"featured_media":0,"parent":0,"menu_order":0,"comment_status":"closed","ping_status":"closed","template":"","meta":{"footnotes":""},"class_list":["post-5213","page","type-page","status-publish","hentry"],"_links":{"self":[{"href":"https:\/\/www.schulzentrum-stetten-akm.de\/uk\/wp-json\/wp\/v2\/pages\/5213","targetHints":{"allow":["GET"]}}],"collection":[{"href":"https:\/\/www.schulzentrum-stetten-akm.de\/uk\/wp-json\/wp\/v2\/pages"}],"about":[{"href":"https:\/\/www.schulzentrum-stetten-akm.de\/uk\/wp-json\/wp\/v2\/types\/page"}],"author":[{"embeddable":true,"href":"https:\/\/www.schulzentrum-stetten-akm.de\/uk\/wp-json\/wp\/v2\/users\/1"}],"replies":[{"embeddable":true,"href":"https:\/\/www.schulzentrum-stetten-akm.de\/uk\/wp-json\/wp\/v2\/comments?post=5213"}],"version-history":[{"count":5,"href":"https:\/\/www.schulzentrum-stetten-akm.de\/uk\/wp-json\/wp\/v2\/pages\/5213\/revisions"}],"predecessor-version":[{"id":5222,"href":"https:\/\/www.schulzentrum-stetten-akm.de\/uk\/wp-json\/wp\/v2\/pages\/5213\/revisions\/5222"}],"wp:attachment":[{"href":"https:\/\/www.schulzentrum-stetten-akm.de\/uk\/wp-json\/wp\/v2\/media?parent=5213"}],"curies":[{"name":"wp","href":"https:\/\/api.w.org\/{rel}","templated":true}]}}

профільні-предмети

https://www.schulzentrum-stetten-akm.de/uk/профільні-предмети/

Профільні предмети

<p>Важливою частиною шкільної кар'єри в ЗЗСО є вибір "профільного предмета" на 8-му році навчання. (<span style="color: #ff0000;"><a style="color: #ff0000;" href="https://km-bw.de/site/pbs-bw-new/get/documents/KULTUS.Dachmandant/KULTUS/KM-Homepage/Artikelseiten%20KP-KM/Schularten/Gemeinschaftsschule/2018_Die%20Profilf%C3%A4cher%20an%20der%20GMS.pdf" target="_blank" rel="noopener noreferrer">Інформаційний флаєр Профільні предмети в СБМ</a></span>)<br>Партнери по навчанню можуть обирати між наступними профільними предметами:</p>
<p><a href="https://km-bw.de/site/pbs-bw-km-root/get/documents_E2082981932/KULTUS.Dachmandant/KULTUS/KM-Homepage/Artikelseiten%20KP-KM/Schularten/Gemeinschaftsschule/20191016%20HandreichungProfilfaecherMusikKunstSport.pdf" target="_blank" rel="noopener noreferrer"><span style="color: #ff0000;">Спорт</span></a></p>
<p><a href="https://km-bw.de/site/pbs-bw-km-root/get/documents_E1776727488/KULTUS.Dachmandant/KULTUS/KM-Homepage/Publikationen%202021/KM_Flyer_GMS_NwT_210617_web.pdf" target="_blank" rel="noopener noreferrer"><span style="color: #ff0000;">NWT (Природничі науки та технології)</span></a></p>
<p><a href="https://km-bw.de/site/pbs-bw-km-root/get/documents_E-1839663610/KULTUS.Dachmandant/KULTUS/KM-Homepage/Publikationen%202020/KM_Flyer_GMS_IMP_201019_web.pdf" target="_blank" rel="noopener noreferrer"><span style="color: #ff0000;">ІМП (інформатика, математика, фізика)</span></a></p>
<p>(Натиснувши на відповідну тему профілю, ви перейдете до відповідної інформації від Міністерства освіти і культури)<br><br>Ваша дитина отримає бюлетень для голосування з профільного предмету в найближчі кілька днів. Його потрібно заповнити та повернути до школи до 6 квітня.</p>
<p>&nbsp;</p>

<p>Ein wesentlicher Bestandteil der Schullaufbahn auf einer GMS beinhaltet in Lernstufe 8 die Wahl eines &#8222;Profilfachs&#8220;. (Info-Flyer Profilfächer an der GMS)Die Lernpartner:innen können bei uns zwischen folgenden Profilfächern wählen: Sport &hellip; </p>
