{"id":8679,"date":"2025-12-01T21:01:56","date_gmt":"2025-12-01T20:01:56","guid":{"rendered":"https:\/\/www.schulzentrum-stetten-akm.de\/?page_id=8679"},"modified":"2025-12-19T09:59:08","modified_gmt":"2025-12-19T08:59:08","slug":"ipad","status":"publish","type":"page","link":"https:\/\/www.schulzentrum-stetten-akm.de\/sr\/ipad\/","title":{"rendered":"iPad-Klassen"},"content":{"rendered":"<p>Wir sind eine iPad-Schule! Was das konkret bedeutet und weitere Informationen f\u00fcr den iPad-Alltag, finden Sie auf dieser Seite.<br>Um die Kinder auf die heutige, digitale Welt vorzubereiten, bedarf es verschiedener Kompetenzen. Indem wir ab Lernstufe 5 mit iPads arbeiten, fangen wir fr\u00fchzeitig an diese Kompetenzen auszubauen und zu vertiefen. Die iPads werden unterst\u00fctzend, aber nicht ausschlie\u00dflich im Unterricht eingesetzt. Weitere Informationen finden Sie in unserem iPad-Konzept sowie in dieser Kurzpr\u00e4sentation<\/p>\n\n\n\n<div class=\"wp-block-buttons is-vertical is-content-justification-center is-layout-flex wp-container-core-buttons-is-layout-1 wp-block-buttons-is-layout-flex\">\n<div class=\"wp-block-button is-style-fill\"><a class=\"wp-block-button__link has-luminous-vivid-orange-background-color has-background wp-element-button\" href=\"https:\/\/www.schulzentrum-stetten-akm.de\/wp-content\/uploads\/2025\/12\/iPads-am-Schulzentrum-1.pdf\">Kurzpr\u00e4sentation<\/a><\/div>\n\n\n\n<div class=\"wp-block-button is-style-fill\"><a class=\"wp-block-button__link has-luminous-vivid-orange-background-color has-background wp-element-button\" href=\"https:\/\/www.schulzentrum-stetten-akm.de\/wp-content\/uploads\/2025\/12\/Konzept_2024_VersionEltern.pdf\">iPad-Konzept<\/a><\/div>\n<\/div>\n\n\n\n<p><\/p>\n\n\n\n<p><strong>Informationen f\u00fcr neue 5.Kl\u00e4ssler:innen:<\/strong><br>Sie haben Ihr Kind bei uns f\u00fcr die 5. Klasse angemeldet? Bitte besuchen Sie unbedingt den iPad-Elternabend um alle relevanten Infos zur Bestellung zu erhalten. Sie haben vorher Fragen? Kontaktieren Sie bitte Frau Karsten (<a href=\"mailto:annette.karsten@bw.schule\">annette.karsten@bw.schule<\/a>) oder Frau H\u00f6rger (<a href=\"mailto:marijke.hoerger@bw.schule\">marijke.hoerger@bw.schule<\/a>).<\/p>\n\n\n\n<p><\/p>\n\n\n\n<p><strong>Informationen f\u00fcr die iPad-Klassen:<\/strong><br>Um die Daten Ihres Kindes zu sichern, empfehlen wir die Einrichtung eines Apple-Accounts sowie das Aktivieren des automatischen Back-Ups bei GoodNotes. Weitere Informationen finden Sie hier:<\/p>\n\n\n\n<div class=\"wp-block-buttons is-content-justification-center is-layout-flex wp-container-core-buttons-is-layout-2 wp-block-buttons-is-layout-flex\">\n<div class=\"wp-block-button\"><a class=\"wp-block-button__link has-luminous-vivid-orange-background-color has-background wp-element-button\" href=\"https:\/\/www.schulzentrum-stetten-akm.de\/wp-content\/uploads\/2025\/12\/iPad-Infos-1.pdf\">Pr\u00e4sentation Elternabend<\/a><\/div>\n<\/div>\n\n\n\n<p><\/p>\n\n\n\n<p>Sie m\u00f6chten Ihr Kind dabei unterst\u00fctzen noch besser mit dem iPad und speziell mit GoodNotes zu arbeiten? Hier finden Sie Anleitungen dazu:<\/p>\n\n\n\n<div class=\"wp-block-buttons is-content-justification-center is-layout-flex wp-container-core-buttons-is-layout-3 wp-block-buttons-is-layout-flex\">\n<div class=\"wp-block-button\"><a class=\"wp-block-button__link has-luminous-vivid-orange-background-color has-background wp-element-button\" href=\"https:\/\/www.schulzentrum-stetten-akm.de\/wp-content\/uploads\/2025\/12\/Startertage-InformatikKompr.pdf\">iPad Startertage<\/a><\/div>\n<\/div>\n\n\n\n<p><\/p>\n\n\n\n<p>Bei weiteren Fragen wenden Sie sich per sdui an Frau Karsten oder Frau H\u00f6rger. Ihr Kind kann diese auch in der iPad-Sprechstunde aufsuchen (Montags, 5. Stunde und Mittwochs, 2. Stunde in N03).<br>Bei Fragen zu digitalen Schulb\u00fcchern und dem Office-Account Ihres Kindes kontaktieren Sie bitte per sdui Stefan Rapp.<\/p>","protected":false},"excerpt":{"rendered":"<p>Wir sind eine iPad-Schule! Was das konkret bedeutet und weitere Informationen f\u00fcr den iPad-Alltag, finden Sie auf dieser Seite.Um die Kinder auf die heutige, digitale Welt vorzubereiten, bedarf es verschiedener &hellip; <\/p>","protected":false},"author":49,"featured_media":0,"parent":0,"menu_order":0,"comment_status":"closed","ping_status":"closed","template":"","meta":{"footnotes":""},"class_list":["post-8679","page","type-page","status-publish","hentry"],"_links":{"self":[{"href":"https:\/\/www.schulzentrum-stetten-akm.de\/sr\/wp-json\/wp\/v2\/pages\/8679","targetHints":{"allow":["GET"]}}],"collection":[{"href":"https:\/\/www.schulzentrum-stetten-akm.de\/sr\/wp-json\/wp\/v2\/pages"}],"about":[{"href":"https:\/\/www.schulzentrum-stetten-akm.de\/sr\/wp-json\/wp\/v2\/types\/page"}],"author":[{"embeddable":true,"href":"https:\/\/www.schulzentrum-stetten-akm.de\/sr\/wp-json\/wp\/v2\/users\/49"}],"replies":[{"embeddable":true,"href":"https:\/\/www.schulzentrum-stetten-akm.de\/sr\/wp-json\/wp\/v2\/comments?post=8679"}],"version-history":[{"count":11,"href":"https:\/\/www.schulzentrum-stetten-akm.de\/sr\/wp-json\/wp\/v2\/pages\/8679\/revisions"}],"predecessor-version":[{"id":8708,"href":"https:\/\/www.schulzentrum-stetten-akm.de\/sr\/wp-json\/wp\/v2\/pages\/8679\/revisions\/8708"}],"wp:attachment":[{"href":"https:\/\/www.schulzentrum-stetten-akm.de\/sr\/wp-json\/wp\/v2\/media?parent=8679"}],"curies":[{"name":"wp","href":"https:\/\/api.w.org\/{rel}","templated":true}]}}

<p>Wir sind eine iPad-Schule! Was das konkret bedeutet und weitere Informationen für den iPad-Alltag, finden Sie auf dieser Seite.<br>Um die Kinder auf die heutige, digitale Welt vorzubereiten, bedarf es verschiedener Kompetenzen. Indem wir ab Lernstufe 5 mit iPads arbeiten, fangen wir frühzeitig an diese Kompetenzen auszubauen und zu vertiefen. Die iPads werden unterstützend, aber nicht ausschließlich im Unterricht eingesetzt. Weitere Informationen finden Sie in unserem iPad-Konzept sowie in dieser Kurzpräsentation</p>



<div class="wp-block-buttons is-vertical is-content-justification-center is-layout-flex wp-container-core-buttons-is-layout-1 wp-block-buttons-is-layout-flex">
<div class="wp-block-button is-style-fill"><a class="wp-block-button__link has-luminous-vivid-orange-background-color has-background wp-element-button" href="https://www.schulzentrum-stetten-akm.de/wp-content/uploads/2025/12/iPads-am-Schulzentrum-1.pdf">Kurzpräsentation</a></div>



<div class="wp-block-button is-style-fill"><a class="wp-block-button__link has-luminous-vivid-orange-background-color has-background wp-element-button" href="https://www.schulzentrum-stetten-akm.de/wp-content/uploads/2025/12/Konzept_2024_VersionEltern.pdf">iPad-Konzept</a></div>
</div>



<p></p>



<p><strong>Informationen für neue 5.Klässler:innen:</strong><br>Sie haben Ihr Kind bei uns für die 5. Klasse angemeldet? Bitte besuchen Sie unbedingt den iPad-Elternabend um alle relevanten Infos zur Bestellung zu erhalten. Sie haben vorher Fragen? Kontaktieren Sie bitte Frau Karsten (<a href="mailto:annette.karsten@bw.schule">annette.karsten@bw.schule</a>) oder Frau Hörger (<a href="mailto:marijke.hoerger@bw.schule">marijke.hoerger@bw.schule</a>).</p>



<p></p>



<p><strong>Informationen für die iPad-Klassen:</strong><br>Um die Daten Ihres Kindes zu sichern, empfehlen wir die Einrichtung eines Apple-Accounts sowie das Aktivieren des automatischen Back-Ups bei GoodNotes. Weitere Informationen finden Sie hier:</p>



<div class="wp-block-buttons is-content-justification-center is-layout-flex wp-container-core-buttons-is-layout-2 wp-block-buttons-is-layout-flex">
<div class="wp-block-button"><a class="wp-block-button__link has-luminous-vivid-orange-background-color has-background wp-element-button" href="https://www.schulzentrum-stetten-akm.de/wp-content/uploads/2025/12/iPad-Infos-1.pdf">Präsentation Elternabend</a></div>
</div>



<p></p>



<p>Sie möchten Ihr Kind dabei unterstützen noch besser mit dem iPad und speziell mit GoodNotes zu arbeiten? Hier finden Sie Anleitungen dazu:</p>



<div class="wp-block-buttons is-content-justification-center is-layout-flex wp-container-core-buttons-is-layout-3 wp-block-buttons-is-layout-flex">
<div class="wp-block-button"><a class="wp-block-button__link has-luminous-vivid-orange-background-color has-background wp-element-button" href="https://www.schulzentrum-stetten-akm.de/wp-content/uploads/2025/12/Startertage-InformatikKompr.pdf">iPad Startertage</a></div>
</div>



<p></p>



<p>Bei weiteren Fragen wenden Sie sich per sdui an Frau Karsten oder Frau Hörger. Ihr Kind kann diese auch in der iPad-Sprechstunde aufsuchen (Montags, 5. Stunde und Mittwochs, 2. Stunde in N03).<br>Bei Fragen zu digitalen Schulbüchern und dem Office-Account Ihres Kindes kontaktieren Sie bitte per sdui Stefan Rapp.</p>

<p>Wir sind eine iPad-Schule! Was das konkret bedeutet und weitere Informationen für den iPad-Alltag, finden Sie auf dieser Seite.Um die Kinder auf die heutige, digitale Welt vorzubereiten, bedarf es verschiedener &hellip; </p>
