{"id":4299,"date":"2020-11-04T12:24:10","date_gmt":"2020-11-04T11:24:10","guid":{"rendered":"https:\/\/www.schulzentrum-stetten-akm.de\/?page_id=4299"},"modified":"2023-06-23T11:02:22","modified_gmt":"2023-06-23T09:02:22","slug":"snoopy-team","status":"publish","type":"page","link":"https:\/\/www.schulzentrum-stetten-akm.de\/sr\/snoopy-team\/","title":{"rendered":"Snoopy-Team"},"content":{"rendered":"<p class=\"has-large-font-size\">Schuljahr 2022\/23<\/p>\n\n\n\n<p>Das Snoopy-Team stellt sich vor&#8230;<\/p>\n\n\n\n<p>Viola Wolf, Johanna Bertsch,  Jule Grathwohl, Eric Hirschberg<\/p>\n\n\n\n<figure class=\"wp-block-image size-large\"><img loading=\"lazy\" decoding=\"async\" width=\"1024\" height=\"576\" src=\"https:\/\/www.schulzentrum-stetten-akm.de\/wp-content\/uploads\/2023\/06\/Bild-Schueler-1024x576.jpg\" alt=\"\" class=\"wp-image-6096\" srcset=\"https:\/\/www.schulzentrum-stetten-akm.de\/wp-content\/uploads\/2023\/06\/Bild-Schueler-1024x576.jpg 1024w, https:\/\/www.schulzentrum-stetten-akm.de\/wp-content\/uploads\/2023\/06\/Bild-Schueler-300x169.jpg 300w, https:\/\/www.schulzentrum-stetten-akm.de\/wp-content\/uploads\/2023\/06\/Bild-Schueler-768x432.jpg 768w, https:\/\/www.schulzentrum-stetten-akm.de\/wp-content\/uploads\/2023\/06\/Bild-Schueler-18x10.jpg 18w, https:\/\/www.schulzentrum-stetten-akm.de\/wp-content\/uploads\/2023\/06\/Bild-Schueler.jpg 1386w\" sizes=\"auto, (max-width: 1024px) 100vw, 1024px\" \/><figcaption class=\"wp-element-caption\">Viola Wolf, Johanna Bertsch, Jule Grathwohl, Eric Hirschberg<\/figcaption><\/figure>\n\n\n\n<h2 class=\"wp-block-heading\">Was ist Snoopy?<\/h2>\n\n\n\n<h2 class=\"has-text-align-left wp-block-heading\"> <\/h2>\n\n\n\n<figure class=\"wp-block-image size-full\"><img loading=\"lazy\" decoding=\"async\" width=\"270\" height=\"371\" src=\"https:\/\/www.schulzentrum-stetten-akm.de\/wp-content\/uploads\/2023\/06\/Snoopy.png\" alt=\"\" class=\"wp-image-6106\" srcset=\"https:\/\/www.schulzentrum-stetten-akm.de\/wp-content\/uploads\/2023\/06\/Snoopy.png 270w, https:\/\/www.schulzentrum-stetten-akm.de\/wp-content\/uploads\/2023\/06\/Snoopy-218x300.png 218w, https:\/\/www.schulzentrum-stetten-akm.de\/wp-content\/uploads\/2023\/06\/Snoopy-9x12.png 9w\" sizes=\"auto, (max-width: 270px) 100vw, 270px\" \/><\/figure>\n\n\n\n<p>\u2026ist ein Angebot der Schulseelsorge zur emotionalen Betreuung von Grundsch\u00fclern und Lernpartner*innen<br><\/p>\n\n\n\n<p><strong>Wer ist Snoopy?<\/strong><\/p>\n\n\n\n<p>\u2026gibt Unterst\u00fctzung und Hilfe bei<br>&nbsp;&nbsp;&nbsp;&nbsp;&nbsp;&nbsp;&nbsp;&nbsp;&nbsp;&nbsp;&nbsp;&nbsp;&nbsp;&nbsp;&nbsp;&nbsp;&nbsp;&nbsp;&nbsp;&nbsp;&nbsp;&nbsp;&nbsp;&nbsp;&nbsp;&nbsp;&nbsp;&nbsp; Verlusten,<br>&nbsp;&nbsp;&nbsp;&nbsp;&nbsp;&nbsp;&nbsp;&nbsp;&nbsp;&nbsp;&nbsp;&nbsp;&nbsp;&nbsp;&nbsp;&nbsp;&nbsp;&nbsp;&nbsp;&nbsp;&nbsp;&nbsp;&nbsp;&nbsp;&nbsp;&nbsp;&nbsp;&nbsp; Abschieds- und Trauersituationen<br>&nbsp;&nbsp; durch Gespr\u00e4chsbegleitung<\/p>\n\n\n\n<p>Team bestehend aus Schulsozialarbeit, Schulseelsorge, Lernbegleiterin und zertifizierten Lernpartnern<\/p>\n\n\n\n<p><em>&nbsp;&nbsp;&nbsp;&nbsp; <u>aktuell<\/u><\/em>: &nbsp;&nbsp;&nbsp;&nbsp;Herr Buck, Frau Straub, Frau Ziegler<br>&nbsp;&nbsp;&nbsp;&nbsp;<br>&nbsp;&nbsp;&nbsp;&nbsp;&nbsp;&nbsp;&nbsp;&nbsp;&nbsp;&nbsp;&nbsp;&nbsp;&nbsp;&nbsp;&nbsp;&nbsp;&nbsp;&nbsp;&nbsp;&nbsp;&nbsp;&nbsp; Erik Hirschberg, Johanna Bertsch, Viola Wolf und &nbsp;&nbsp;&nbsp; Jule Grathwohl (Lerngruppe 9)<br><\/p>\n\n\n\n<h2 class=\"wp-block-heading\">Was ist Schulpastoral?<\/h2>\n\n\n\n<p>Dienst am Menschen<\/p>\n\n\n\n<p>Schulpastoral ist ein kirchliches Angebot zur religi\u00f6sen Orientierung und zu einem menschlichen Miteinander im Lebensraum Schule.<\/p>\n\n\n\n<p>Sie orientiert sich an der Besonderheit und den Bed\u00fcrfnissen der Schule.<\/p>\n\n\n\n<p>Daraus entwickelte sich das Snoopyteam (2018), der Raum der Stille (2022) und aktuell das Compassionprojekt (2022).<\/p>\n\n\n\n<p>Schulpastoral will ein Ort sein, um \u201eKraftquellen\u201c f\u00fcr den pers\u00f6nlichen Lebensweg aufzusp\u00fcren.<\/p>\n\n\n\n<p>Offen f\u00fcr alle<\/p>\n\n\n\n<p>Schulpastoral ist als Einladung zu verstehen, unabh\u00e4ngig von Religionszugeh\u00f6rigkeit. Sie ist ein Angebot, das sich unabh\u00e4ngig vom Unterricht, an alle am Schulleben Beteiligten richtet.<\/p>\n\n\n\n<p>Vertraulich und kostenlos<\/p>\n\n\n\n<p>Schulpastoral will Menschen begleiten in ihren pers\u00f6nlichen Fragen, Sorgen und N\u00f6ten \u2013 auf vertraulicher, kostenloser Basis.<\/p>\n\n\n\n<p><strong>\u00dcber mich<\/strong><\/p>\n\n\n\n<figure class=\"wp-block-image size-full\"><img loading=\"lazy\" decoding=\"async\" width=\"523\" height=\"731\" src=\"https:\/\/www.schulzentrum-stetten-akm.de\/wp-content\/uploads\/2023\/06\/Bild-Straub.jpg\" alt=\"\" class=\"wp-image-6111\" srcset=\"https:\/\/www.schulzentrum-stetten-akm.de\/wp-content\/uploads\/2023\/06\/Bild-Straub.jpg 523w, https:\/\/www.schulzentrum-stetten-akm.de\/wp-content\/uploads\/2023\/06\/Bild-Straub-215x300.jpg 215w, https:\/\/www.schulzentrum-stetten-akm.de\/wp-content\/uploads\/2023\/06\/Bild-Straub-9x12.jpg 9w\" sizes=\"auto, (max-width: 523px) 100vw, 523px\" \/><\/figure>\n\n\n\n<p>Seit 2014 bin ich katholische Religionslehrerin am Schulzentrum Stetten am kalten Markt.<\/p>\n\n\n\n<p>Im Sommer 2018 wurde ich offiziell von der katholischen Kirche zur Schulseelsorgerin beauftragt, nachdem ich eine zweij\u00e4hrige Weiterbildung erfolgreich abgeschlossen habe. Die katholische Kirche tr\u00e4gt auch die Kosten f\u00fcr meine schulpastorale Arbeit am Schulzentrum.<\/p>\n\n\n\n<p><strong>Angebote der Schulseelsorge<\/strong><\/p>\n\n\n\n<p><em>Beratung und Begleitung\u2026<\/em><\/p>\n\n\n\n<p><em>&#8211; bei pers\u00f6nlichen und schulischen Problemen<\/em><\/p>\n\n\n\n<p><em>&#8211; in pers\u00f6nlichen Lebens-und Krisensituationen<\/em><\/p>\n\n\n\n<p><em>Gespr\u00e4chspartnerin sein\u2026<\/em><\/p>\n\n\n\n<ul class=\"wp-block-list\">\n<li>Wenn die Fragen nach Sinn, nach Gott angesprochen werden<\/li>\n<\/ul>\n\n\n\n<p><em>Trauerarbeit und Krisenintervention\u2026<\/em><\/p>\n\n\n\n<ul class=\"wp-block-list\">\n<li>Projekt \u201eTrauerrucksack\u201c \u2013 Snoopyteam<\/li>\n\n\n\n<li>Raum der Stille<\/li>\n<\/ul>\n\n\n\n<p><em>Compassion<\/em><\/p>\n\n\n\n<ul class=\"wp-block-list\">\n<li>Einf\u00fchrung und Betreuung<\/li>\n<\/ul>\n\n\n\n<p><em>Mitgestaltung von Gottesdiensten<\/em><\/p>\n\n\n\n<p><strong>Kontakt<\/strong><\/p>\n\n\n\n<p>Martina Straub \u2013 Schulseelsorgerin<\/p>\n\n\n\n<p><a href=\"mailto:straub@schulzentrum-stetten-akm.de\">straub@schulzentrum-stetten-akm.de<\/a><\/p>\n\n\n\n<p>Schulsekretariat: 07573 95190 (Fr. Keller, Fr. Hotz)<\/p>","protected":false},"excerpt":{"rendered":"<p>Schuljahr 2022\/23 Das Snoopy-Team stellt sich vor&#8230; Viola Wolf, Johanna Bertsch, Jule Grathwohl, Eric Hirschberg Was ist Snoopy? \u2026ist ein Angebot der Schulseelsorge zur emotionalen Betreuung von Grundsch\u00fclern und Lernpartner*innen &hellip; <\/p>","protected":false},"author":1,"featured_media":0,"parent":0,"menu_order":0,"comment_status":"closed","ping_status":"closed","template":"","meta":{"footnotes":""},"class_list":["post-4299","page","type-page","status-publish","hentry"],"_links":{"self":[{"href":"https:\/\/www.schulzentrum-stetten-akm.de\/sr\/wp-json\/wp\/v2\/pages\/4299","targetHints":{"allow":["GET"]}}],"collection":[{"href":"https:\/\/www.schulzentrum-stetten-akm.de\/sr\/wp-json\/wp\/v2\/pages"}],"about":[{"href":"https:\/\/www.schulzentrum-stetten-akm.de\/sr\/wp-json\/wp\/v2\/types\/page"}],"author":[{"embeddable":true,"href":"https:\/\/www.schulzentrum-stetten-akm.de\/sr\/wp-json\/wp\/v2\/users\/1"}],"replies":[{"embeddable":true,"href":"https:\/\/www.schulzentrum-stetten-akm.de\/sr\/wp-json\/wp\/v2\/comments?post=4299"}],"version-history":[{"count":11,"href":"https:\/\/www.schulzentrum-stetten-akm.de\/sr\/wp-json\/wp\/v2\/pages\/4299\/revisions"}],"predecessor-version":[{"id":6113,"href":"https:\/\/www.schulzentrum-stetten-akm.de\/sr\/wp-json\/wp\/v2\/pages\/4299\/revisions\/6113"}],"wp:attachment":[{"href":"https:\/\/www.schulzentrum-stetten-akm.de\/sr\/wp-json\/wp\/v2\/media?parent=4299"}],"curies":[{"name":"wp","href":"https:\/\/api.w.org\/{rel}","templated":true}]}}

<p class="has-large-font-size">Schuljahr 2022/23</p>



<p>Das Snoopy-Team stellt sich vor&#8230;</p>



<p>Viola Wolf, Johanna Bertsch,  Jule Grathwohl, Eric Hirschberg</p>



<figure class="wp-block-image size-large"><img loading="lazy" decoding="async" width="1024" height="576" src="https://www.schulzentrum-stetten-akm.de/wp-content/uploads/2023/06/Bild-Schueler-1024x576.jpg" alt="" class="wp-image-6096" srcset="https://www.schulzentrum-stetten-akm.de/wp-content/uploads/2023/06/Bild-Schueler-1024x576.jpg 1024w, https://www.schulzentrum-stetten-akm.de/wp-content/uploads/2023/06/Bild-Schueler-300x169.jpg 300w, https://www.schulzentrum-stetten-akm.de/wp-content/uploads/2023/06/Bild-Schueler-768x432.jpg 768w, https://www.schulzentrum-stetten-akm.de/wp-content/uploads/2023/06/Bild-Schueler-18x10.jpg 18w, https://www.schulzentrum-stetten-akm.de/wp-content/uploads/2023/06/Bild-Schueler.jpg 1386w" sizes="auto, (max-width: 1024px) 100vw, 1024px" /><figcaption class="wp-element-caption">Viola Wolf, Johanna Bertsch, Jule Grathwohl, Eric Hirschberg</figcaption></figure>



<h2 class="wp-block-heading">Was ist Snoopy?</h2>



<h2 class="has-text-align-left wp-block-heading"> </h2>



<figure class="wp-block-image size-full"><img loading="lazy" decoding="async" width="270" height="371" src="https://www.schulzentrum-stetten-akm.de/wp-content/uploads/2023/06/Snoopy.png" alt="" class="wp-image-6106" srcset="https://www.schulzentrum-stetten-akm.de/wp-content/uploads/2023/06/Snoopy.png 270w, https://www.schulzentrum-stetten-akm.de/wp-content/uploads/2023/06/Snoopy-218x300.png 218w, https://www.schulzentrum-stetten-akm.de/wp-content/uploads/2023/06/Snoopy-9x12.png 9w" sizes="auto, (max-width: 270px) 100vw, 270px" /></figure>



<p>…ist ein Angebot der Schulseelsorge zur emotionalen Betreuung von Grundschülern und Lernpartner*innen<br></p>



<p><strong>Wer ist Snoopy?</strong></p>



<p>…gibt Unterstützung und Hilfe bei<br>&nbsp;&nbsp;&nbsp;&nbsp;&nbsp;&nbsp;&nbsp;&nbsp;&nbsp;&nbsp;&nbsp;&nbsp;&nbsp;&nbsp;&nbsp;&nbsp;&nbsp;&nbsp;&nbsp;&nbsp;&nbsp;&nbsp;&nbsp;&nbsp;&nbsp;&nbsp;&nbsp;&nbsp; Verlusten,<br>&nbsp;&nbsp;&nbsp;&nbsp;&nbsp;&nbsp;&nbsp;&nbsp;&nbsp;&nbsp;&nbsp;&nbsp;&nbsp;&nbsp;&nbsp;&nbsp;&nbsp;&nbsp;&nbsp;&nbsp;&nbsp;&nbsp;&nbsp;&nbsp;&nbsp;&nbsp;&nbsp;&nbsp; Abschieds- und Trauersituationen<br>&nbsp;&nbsp; durch Gesprächsbegleitung</p>



<p>Team bestehend aus Schulsozialarbeit, Schulseelsorge, Lernbegleiterin und zertifizierten Lernpartnern</p>



<p><em>&nbsp;&nbsp;&nbsp;&nbsp; <u>aktuell</u></em>: &nbsp;&nbsp;&nbsp;&nbsp;Herr Buck, Frau Straub, Frau Ziegler<br>&nbsp;&nbsp;&nbsp;&nbsp;<br>&nbsp;&nbsp;&nbsp;&nbsp;&nbsp;&nbsp;&nbsp;&nbsp;&nbsp;&nbsp;&nbsp;&nbsp;&nbsp;&nbsp;&nbsp;&nbsp;&nbsp;&nbsp;&nbsp;&nbsp;&nbsp;&nbsp; Erik Hirschberg, Johanna Bertsch, Viola Wolf und &nbsp;&nbsp;&nbsp; Jule Grathwohl (Lerngruppe 9)<br></p>



<h2 class="wp-block-heading">Was ist Schulpastoral?</h2>



<p>Dienst am Menschen</p>



<p>Schulpastoral ist ein kirchliches Angebot zur religiösen Orientierung und zu einem menschlichen Miteinander im Lebensraum Schule.</p>



<p>Sie orientiert sich an der Besonderheit und den Bedürfnissen der Schule.</p>



<p>Daraus entwickelte sich das Snoopyteam (2018), der Raum der Stille (2022) und aktuell das Compassionprojekt (2022).</p>



<p>Schulpastoral will ein Ort sein, um „Kraftquellen“ für den persönlichen Lebensweg aufzuspüren.</p>



<p>Offen für alle</p>



<p>Schulpastoral ist als Einladung zu verstehen, unabhängig von Religionszugehörigkeit. Sie ist ein Angebot, das sich unabhängig vom Unterricht, an alle am Schulleben Beteiligten richtet.</p>



<p>Vertraulich und kostenlos</p>



<p>Schulpastoral will Menschen begleiten in ihren persönlichen Fragen, Sorgen und Nöten – auf vertraulicher, kostenloser Basis.</p>



<p><strong>Über mich</strong></p>



<figure class="wp-block-image size-full"><img loading="lazy" decoding="async" width="523" height="731" src="https://www.schulzentrum-stetten-akm.de/wp-content/uploads/2023/06/Bild-Straub.jpg" alt="" class="wp-image-6111" srcset="https://www.schulzentrum-stetten-akm.de/wp-content/uploads/2023/06/Bild-Straub.jpg 523w, https://www.schulzentrum-stetten-akm.de/wp-content/uploads/2023/06/Bild-Straub-215x300.jpg 215w, https://www.schulzentrum-stetten-akm.de/wp-content/uploads/2023/06/Bild-Straub-9x12.jpg 9w" sizes="auto, (max-width: 523px) 100vw, 523px" /></figure>



<p>Seit 2014 bin ich katholische Religionslehrerin am Schulzentrum Stetten am kalten Markt.</p>



<p>Im Sommer 2018 wurde ich offiziell von der katholischen Kirche zur Schulseelsorgerin beauftragt, nachdem ich eine zweijährige Weiterbildung erfolgreich abgeschlossen habe. Die katholische Kirche trägt auch die Kosten für meine schulpastorale Arbeit am Schulzentrum.</p>



<p><strong>Angebote der Schulseelsorge</strong></p>



<p><em>Beratung und Begleitung…</em></p>



<p><em>&#8211; bei persönlichen und schulischen Problemen</em></p>



<p><em>&#8211; in persönlichen Lebens-und Krisensituationen</em></p>



<p><em>Gesprächspartnerin sein…</em></p>



<ul class="wp-block-list">
<li>Wenn die Fragen nach Sinn, nach Gott angesprochen werden</li>
</ul>



<p><em>Trauerarbeit und Krisenintervention…</em></p>



<ul class="wp-block-list">
<li>Projekt „Trauerrucksack“ – Snoopyteam</li>



<li>Raum der Stille</li>
</ul>



<p><em>Compassion</em></p>



<ul class="wp-block-list">
<li>Einführung und Betreuung</li>
</ul>



<p><em>Mitgestaltung von Gottesdiensten</em></p>



<p><strong>Kontakt</strong></p>



<p>Martina Straub – Schulseelsorgerin</p>



<p><a href="mailto:straub@schulzentrum-stetten-akm.de">straub@schulzentrum-stetten-akm.de</a></p>



<p>Schulsekretariat: 07573 95190 (Fr. Keller, Fr. Hotz)</p>

<p>Schuljahr 2022/23 Das Snoopy-Team stellt sich vor&#8230; Viola Wolf, Johanna Bertsch, Jule Grathwohl, Eric Hirschberg Was ist Snoopy? …ist ein Angebot der Schulseelsorge zur emotionalen Betreuung von Grundschülern und Lernpartner*innen &hellip; </p>
