{"id":394,"date":"2018-10-16T21:34:47","date_gmt":"2018-10-16T19:34:47","guid":{"rendered":"https:\/\/www.schulzentrum-stetten-akm.sig.schule-bw.de\/?page_id=394"},"modified":"2018-11-26T17:03:59","modified_gmt":"2018-11-26T16:03:59","slug":"foerderverein","status":"publish","type":"page","link":"https:\/\/www.schulzentrum-stetten-akm.de\/sr\/eltern\/foerderverein\/","title":{"rendered":"F\u00f6rderverein"},"content":{"rendered":"<h1>FREUNDE DES SCHULZENTRUMS<\/h1>\n<h2>Stetten am kalten Markt e.V.<\/h2>\n<p class=\"bodytext\"><b>Ziele und Visionen<\/b><\/p>\n<p class=\"bodytext\">Betreuung<\/p>\n<ul>\n<li>Ferienbetreuung<\/li>\n<li>Hausaufgabenbetreuung<\/li>\n<li>Ganztagesbetreuung<\/li>\n<li>Erg\u00e4nzungsunterricht<\/li>\n<li>&#8230;<\/li>\n<\/ul>\n<p class=\"bodytext\">Kommunikation und Soziales<\/p>\n<ul>\n<li>F\u00f6rderung der sozialen Kompetenz<\/li>\n<li>Kooperation mit anderen Vereinen<\/li>\n<li>Hilfen f\u00fcr Kinder<\/li>\n<\/ul>\n<p class=\"bodytext\">Finanzielle Unterst\u00fctzung<\/p>\n<ul>\n<li>Preise f\u00fcr besondere Leistungen<\/li>\n<li>Zuschuss f\u00fcr Klassenfahrten<\/li>\n<li>besondere Lehrmittel (Turn- und Spielger\u00e4te, Musikinstrumente, &#8230;)<\/li>\n<\/ul>\n<p class=\"bodytext\">F\u00f6rderung von Talenten und Interessen<\/p>\n<ul>\n<li>Sch\u00fclerwettbewerbe<\/li>\n<li>Sprachf\u00f6rderung<\/li>\n<li>Kulturelle Veranstaltungen<\/li>\n<li>Berufsorientierung und Betriebsbesichtigungen<\/li>\n<li>&#8230;<\/li>\n<\/ul>\n<p class=\"bodytext\">Bewegung, Sport und Spiel<\/p>","protected":false},"excerpt":{"rendered":"<p>FREUNDE DES SCHULZENTRUMS Stetten am kalten Markt e.V. Ziele und Visionen Betreuung Ferienbetreuung Hausaufgabenbetreuung Ganztagesbetreuung Erg\u00e4nzungsunterricht &#8230; Kommunikation und Soziales F\u00f6rderung der sozialen Kompetenz Kooperation mit anderen Vereinen Hilfen f\u00fcr &hellip; <\/p>","protected":false},"author":1,"featured_media":0,"parent":342,"menu_order":0,"comment_status":"closed","ping_status":"closed","template":"","meta":{"footnotes":""},"class_list":["post-394","page","type-page","status-publish","hentry"],"_links":{"self":[{"href":"https:\/\/www.schulzentrum-stetten-akm.de\/sr\/wp-json\/wp\/v2\/pages\/394","targetHints":{"allow":["GET"]}}],"collection":[{"href":"https:\/\/www.schulzentrum-stetten-akm.de\/sr\/wp-json\/wp\/v2\/pages"}],"about":[{"href":"https:\/\/www.schulzentrum-stetten-akm.de\/sr\/wp-json\/wp\/v2\/types\/page"}],"author":[{"embeddable":true,"href":"https:\/\/www.schulzentrum-stetten-akm.de\/sr\/wp-json\/wp\/v2\/users\/1"}],"replies":[{"embeddable":true,"href":"https:\/\/www.schulzentrum-stetten-akm.de\/sr\/wp-json\/wp\/v2\/comments?post=394"}],"version-history":[{"count":3,"href":"https:\/\/www.schulzentrum-stetten-akm.de\/sr\/wp-json\/wp\/v2\/pages\/394\/revisions"}],"predecessor-version":[{"id":503,"href":"https:\/\/www.schulzentrum-stetten-akm.de\/sr\/wp-json\/wp\/v2\/pages\/394\/revisions\/503"}],"up":[{"embeddable":true,"href":"https:\/\/www.schulzentrum-stetten-akm.de\/sr\/wp-json\/wp\/v2\/pages\/342"}],"wp:attachment":[{"href":"https:\/\/www.schulzentrum-stetten-akm.de\/sr\/wp-json\/wp\/v2\/media?parent=394"}],"curies":[{"name":"wp","href":"https:\/\/api.w.org\/{rel}","templated":true}]}}

Förderverein

<h1>FREUNDE DES SCHULZENTRUMS</h1>
<h2>Stetten am kalten Markt e.V.</h2>
<p class="bodytext"><b>Ziele und Visionen</b></p>
<p class="bodytext">Betreuung</p>
<ul>
<li>Ferienbetreuung</li>
<li>Hausaufgabenbetreuung</li>
<li>Ganztagesbetreuung</li>
<li>Ergänzungsunterricht</li>
<li>&#8230;</li>
</ul>
<p class="bodytext">Kommunikation und Soziales</p>
<ul>
<li>Förderung der sozialen Kompetenz</li>
<li>Kooperation mit anderen Vereinen</li>
<li>Hilfen für Kinder</li>
</ul>
<p class="bodytext">Finanzielle Unterstützung</p>
<ul>
<li>Preise für besondere Leistungen</li>
<li>Zuschuss für Klassenfahrten</li>
<li>besondere Lehrmittel (Turn- und Spielgeräte, Musikinstrumente, &#8230;)</li>
</ul>
<p class="bodytext">Förderung von Talenten und Interessen</p>
<ul>
<li>Schülerwettbewerbe</li>
<li>Sprachförderung</li>
<li>Kulturelle Veranstaltungen</li>
<li>Berufsorientierung und Betriebsbesichtigungen</li>
<li>&#8230;</li>
</ul>
<p class="bodytext">Bewegung, Sport und Spiel</p>

<p>FREUNDE DES SCHULZENTRUMS Stetten am kalten Markt e.V. Ziele und Visionen Betreuung Ferienbetreuung Hausaufgabenbetreuung Ganztagesbetreuung Ergänzungsunterricht &#8230; Kommunikation und Soziales Förderung der sozialen Kompetenz Kooperation mit anderen Vereinen Hilfen für &hellip; </p>
