{"id":519,"date":"2018-11-27T08:52:31","date_gmt":"2018-11-27T07:52:31","guid":{"rendered":"https:\/\/www.schulzentrum-stetten-akm.sig.schule-bw.de\/?page_id=519"},"modified":"2026-04-29T12:05:53","modified_gmt":"2026-04-29T10:05:53","slug":"mensa","status":"publish","type":"page","link":"https:\/\/www.schulzentrum-stetten-akm.de\/ro\/student\/mensa\/","title":{"rendered":"Mensa"},"content":{"rendered":"<p class=\"has-large-font-size\">Meniuri<\/p>\n\n\n\n<p><a href=\"https:\/\/www.schulzentrum-stetten-akm.de\/wp-content\/uploads\/2026\/02\/KW-16-Speiseplan.pdf\"><strong>Speiseplan KW 16<\/strong><\/a><\/p>\n<p><a href=\"https:\/\/www.schulzentrum-stetten-akm.de\/wp-content\/uploads\/2026\/02\/KW-17-Speiseplan.pdf\"><strong>Speiseplan KW 17<\/strong><\/a><\/p>\n<p><a href=\"https:\/\/www.schulzentrum-stetten-akm.de\/wp-content\/uploads\/2026\/04\/KW-18-Speisekarte-26.pdf\"><strong>Speiseplan KW 18<\/strong><\/a><\/p>\n<p><a href=\"https:\/\/www.schulzentrum-stetten-akm.de\/wp-content\/uploads\/2026\/04\/KW-19-Speisekarte-26.pdf\"><strong>Meniu s\u0103pt\u0103m\u00e2na 19<\/strong><\/a><\/p>\n<p><a href=\"https:\/\/www.schulzentrum-stetten-akm.de\/wp-content\/uploads\/2026\/04\/KW-20Speise26.pdf\"><strong>Meniu s\u0103pt\u0103m\u00e2na 20<\/strong><\/a><\/p>\n<p><a href=\"https:\/\/www.schulzentrum-stetten-akm.de\/wp-content\/uploads\/2026\/04\/KW-21-Speise26.pdf\"><strong>Speiseplan KW 21<\/strong><\/a><\/p>\n<p><a href=\"https:\/\/www.schulzentrum-stetten-akm.de\/wp-content\/uploads\/2026\/04\/KW-24.pdf\"><strong>Speiseplan KW 24<\/strong><\/a><\/p>\n<p><a href=\"https:\/\/www.schulzentrum-stetten-akm.de\/wp-content\/uploads\/2026\/04\/KW-25.pdf\"><strong>Meniu s\u0103pt\u0103m\u00e2na 25<\/strong><\/a><\/p>\n<p>\u00a0<\/p>\n<p>\u00a0<\/p>\n<p>\u00a0<\/p>\n<p>\u00a0<\/p>\n<p>\u00a0<\/p>\n<p>\u00a0<\/p>\n<p>\u00a0<\/p>\n<p>\u00a0<\/p>\n\n\n\n<p><\/p>\n\n\n\n<p><\/p>\n\n\n\n<p><\/p>","protected":false},"excerpt":{"rendered":"<p>Speisepl\u00e4ne Speiseplan KW 16 Speiseplan KW 17 Speiseplan KW 18 Speiseplan KW 19 Speiseplan KW 20 Speiseplan KW 21 Speiseplan KW 24 Speiseplan KW 25 \u00a0 \u00a0 \u00a0 \u00a0 \u00a0 &hellip; <\/p>","protected":false},"author":1,"featured_media":0,"parent":338,"menu_order":0,"comment_status":"closed","ping_status":"closed","template":"","meta":{"footnotes":""},"class_list":["post-519","page","type-page","status-publish","hentry"],"_links":{"self":[{"href":"https:\/\/www.schulzentrum-stetten-akm.de\/ro\/wp-json\/wp\/v2\/pages\/519","targetHints":{"allow":["GET"]}}],"collection":[{"href":"https:\/\/www.schulzentrum-stetten-akm.de\/ro\/wp-json\/wp\/v2\/pages"}],"about":[{"href":"https:\/\/www.schulzentrum-stetten-akm.de\/ro\/wp-json\/wp\/v2\/types\/page"}],"author":[{"embeddable":true,"href":"https:\/\/www.schulzentrum-stetten-akm.de\/ro\/wp-json\/wp\/v2\/users\/1"}],"replies":[{"embeddable":true,"href":"https:\/\/www.schulzentrum-stetten-akm.de\/ro\/wp-json\/wp\/v2\/comments?post=519"}],"version-history":[{"count":158,"href":"https:\/\/www.schulzentrum-stetten-akm.de\/ro\/wp-json\/wp\/v2\/pages\/519\/revisions"}],"predecessor-version":[{"id":8934,"href":"https:\/\/www.schulzentrum-stetten-akm.de\/ro\/wp-json\/wp\/v2\/pages\/519\/revisions\/8934"}],"up":[{"embeddable":true,"href":"https:\/\/www.schulzentrum-stetten-akm.de\/ro\/wp-json\/wp\/v2\/pages\/338"}],"wp:attachment":[{"href":"https:\/\/www.schulzentrum-stetten-akm.de\/ro\/wp-json\/wp\/v2\/media?parent=519"}],"curies":[{"name":"wp","href":"https:\/\/api.w.org\/{rel}","templated":true}]}}

<p class="has-large-font-size">Meniuri</p>



<p><a href="https://www.schulzentrum-stetten-akm.de/wp-content/uploads/2026/02/KW-16-Speiseplan.pdf"><strong>Speiseplan KW 16</strong></a></p>
<p><a href="https://www.schulzentrum-stetten-akm.de/wp-content/uploads/2026/02/KW-17-Speiseplan.pdf"><strong>Speiseplan KW 17</strong></a></p>
<p><a href="https://www.schulzentrum-stetten-akm.de/wp-content/uploads/2026/04/KW-18-Speisekarte-26.pdf"><strong>Speiseplan KW 18</strong></a></p>
<p><a href="https://www.schulzentrum-stetten-akm.de/wp-content/uploads/2026/04/KW-19-Speisekarte-26.pdf"><strong>Meniu săptămâna 19</strong></a></p>
<p><a href="https://www.schulzentrum-stetten-akm.de/wp-content/uploads/2026/04/KW-20Speise26.pdf"><strong>Meniu săptămâna 20</strong></a></p>
<p><a href="https://www.schulzentrum-stetten-akm.de/wp-content/uploads/2026/04/KW-21-Speise26.pdf"><strong>Speiseplan KW 21</strong></a></p>
<p><a href="https://www.schulzentrum-stetten-akm.de/wp-content/uploads/2026/04/KW-24.pdf"><strong>Speiseplan KW 24</strong></a></p>
<p><a href="https://www.schulzentrum-stetten-akm.de/wp-content/uploads/2026/04/KW-25.pdf"><strong>Meniu săptămâna 25</strong></a></p>
<p> </p>
<p> </p>
<p> </p>
<p> </p>
<p> </p>
<p> </p>
<p> </p>
<p> </p>



<p></p>



<p></p>



<p></p>

<p>Speisepläne Speiseplan KW 16 Speiseplan KW 17 Speiseplan KW 18 Speiseplan KW 19 Speiseplan KW 20 Speiseplan KW 21 Speiseplan KW 24 Speiseplan KW 25           &hellip; </p>
