{"id":356,"date":"2018-10-16T21:26:34","date_gmt":"2018-10-16T19:26:34","guid":{"rendered":"https:\/\/www.schulzentrum-stetten-akm.sig.schule-bw.de\/?page_id=356"},"modified":"2025-11-13T10:33:40","modified_gmt":"2025-11-13T09:33:40","slug":"asistenta-sociala-scolara","status":"publish","type":"page","link":"https:\/\/www.schulzentrum-stetten-akm.de\/ro\/scoala-noastra\/asistenta-sociala-scolara\/","title":{"rendered":"Asisten\u021b\u0103 social\u0103 \u0219colar\u0103"},"content":{"rendered":"<p><strong>Contact:&nbsp;<\/strong><br>E-Mail: le.loeffler@mariaberg.de<br>Telefon: 07573-951922<br>Telefon mobil: 0177-9772717<\/p>\n\n\n\n<hr class=\"wp-block-separator has-css-opacity\"\/>\n\n\n<h1>Unser Team f\u00fcr das Schuljahr 2025\/26<\/h1>\n<div class=\"mceTemp\">\u00a0<\/div>\n<figure id=\"attachment_7549\" aria-describedby=\"caption-attachment-7549\" style=\"width: 958px\" class=\"wp-caption aligncenter\"><img loading=\"lazy\" decoding=\"async\" class=\"wp-image-7549\" src=\"https:\/\/www.schulzentrum-stetten-akm.de\/wp-content\/uploads\/2024\/11\/Bild_Celina_Florian_Leo-939x1024.jpeg\" alt=\"\" width=\"958\" height=\"1045\" srcset=\"https:\/\/www.schulzentrum-stetten-akm.de\/wp-content\/uploads\/2024\/11\/Bild_Celina_Florian_Leo-939x1024.jpeg 939w, https:\/\/www.schulzentrum-stetten-akm.de\/wp-content\/uploads\/2024\/11\/Bild_Celina_Florian_Leo-275x300.jpeg 275w, https:\/\/www.schulzentrum-stetten-akm.de\/wp-content\/uploads\/2024\/11\/Bild_Celina_Florian_Leo-768x837.jpeg 768w, https:\/\/www.schulzentrum-stetten-akm.de\/wp-content\/uploads\/2024\/11\/Bild_Celina_Florian_Leo-1409x1536.jpeg 1409w, https:\/\/www.schulzentrum-stetten-akm.de\/wp-content\/uploads\/2024\/11\/Bild_Celina_Florian_Leo-scaled.jpeg 1879w, https:\/\/www.schulzentrum-stetten-akm.de\/wp-content\/uploads\/2024\/11\/Bild_Celina_Florian_Leo-11x12.jpeg 11w\" sizes=\"auto, (max-width: 958px) 100vw, 958px\" \/><figcaption id=\"caption-attachment-7549\" class=\"wp-caption-text\">Leo, Celina, Hanna, Julia\u00a0 \u00a0 \u00a0 \u00a0 \u00a0 \u00a0 \u00a0 \u00a0 \u00a0 \u00a0 \u00a0 \u00a0 \u00a0 \u00a0 \u00a0 \u00a0 \u00a0 (neues Bild folgt)<\/figcaption><\/figure>\n\n\n<h1 style=\"text-align: center;\"><span style=\"color: #ff0000;\"><strong>Vrem s\u0103 fim acolo pentru tine - Vom fi acolo pentru tine<\/strong><\/span><\/h1>\n<p>Aceast\u0103 ofert\u0103 nu se adreseaz\u0103 doar elevilor, ci \u0219i p\u0103rin\u021bilor. Aceast\u0103 situa\u021bie particular\u0103, aceste schimb\u0103ri ridic\u0103 \u00eentreb\u0103ri, uneori nu permit s\u0103 se vad\u0103 o perspectiv\u0103.<\/p>\n<p>Contacta\u021bi-ne dac\u0103 ave\u021bi nevoie de ajutor, fie c\u0103 este vorba de consiliere, de sprijin sau dac\u0103 ave\u021bi nevoie doar de cineva cu care s\u0103 vorbi\u021bi.<\/p>\n<p>Ne pute\u021bi contacta prin urm\u0103toarele modalit\u0103\u021bi.<\/p>\n<p>Schreibt &#8217;ne e-mail\u00a0 an: le.loeffler@mariaberg.de oder klingelt auf dem Diensthandy durch: 01779772717. Zus\u00e4tzlich k\u00f6nnt ihr uns auf <strong>Instagram <\/strong>\u00a0finden.<\/p>\n<p style=\"text-align: center;\"><strong>\"Privind \u00ceN AVANS \u00eempreun\u0103, cu curaj \u0219i perspectiv\u0103. <\/strong><strong>Un z\u00e2mbet se adaug\u0103 la asta!\"<\/strong><\/p>\n<p>A\u0219tept\u0103m cu ner\u0103bdare s\u0103 v\u0103 vedem<\/p>\n<p>Liebe Gr\u00fc\u00dfe Leo und Team<\/p>\n\n\n\n<p class=\"has-text-align-center has-small-font-size\">V\u0103 rug\u0103m s\u0103 da\u021bi click pe News pentru a ajunge la \"Sozi-News\"!!!<\/p>\n\n\n\n<div class=\"wp-block-button is-style-outline aligncenter is-style-outline--1\"><a class=\"wp-block-button__link has-very-dark-gray-color has-text-color has-background wp-element-button\" href=\"https:\/\/www.schulzentrum-stetten-akm.de\/ro\/consiliere-oferta-de-scoala-asistenta-sociala\/\" style=\"background-color:#fbfbfb\"><img loading=\"lazy\" decoding=\"async\" width=\"200\" height=\"200\" class=\"wp-image-3490\" src=\"https:\/\/www.schulzentrum-stetten-akm.de\/wp-content\/uploads\/2020\/05\/IMG_0012.jpeg\" alt=\"\" style=\"width: 200px;\" srcset=\"https:\/\/www.schulzentrum-stetten-akm.de\/wp-content\/uploads\/2020\/05\/IMG_0012.jpeg 1031w, https:\/\/www.schulzentrum-stetten-akm.de\/wp-content\/uploads\/2020\/05\/IMG_0012-300x300.jpeg 300w, https:\/\/www.schulzentrum-stetten-akm.de\/wp-content\/uploads\/2020\/05\/IMG_0012-1024x1024.jpeg 1024w, https:\/\/www.schulzentrum-stetten-akm.de\/wp-content\/uploads\/2020\/05\/IMG_0012-150x150.jpeg 150w, https:\/\/www.schulzentrum-stetten-akm.de\/wp-content\/uploads\/2020\/05\/IMG_0012-768x768.jpeg 768w\" sizes=\"auto, (max-width: 200px) 100vw, 200px\" \/><\/a><\/div>\n\n\n\n<p class=\"has-text-align-center has-small-font-size\">V\u0103 rug\u0103m s\u0103 da\u021bi click pe imagine pentru a ajunge la \"oferta de consiliere\"!!!!<\/p>\n\n\n\n<div style=\"height:20px\" aria-hidden=\"true\" class=\"wp-block-spacer\"><\/div>\n\n\n\n<hr class=\"wp-block-separator has-css-opacity\"\/>\n\n\n\n<div style=\"height:20px\" aria-hidden=\"true\" class=\"wp-block-spacer\"><\/div>\n\n\n\n<div style=\"height:20px\" aria-hidden=\"true\" class=\"wp-block-spacer\"><\/div>\n\n\n\n<div class=\"wp-block-button aligncenter\"><a class=\"wp-block-button__link has-very-dark-gray-color has-vivid-cyan-blue-background-color has-text-color has-background wp-element-button\" href=\"https:\/\/www.schulzentrum-stetten-akm.de\/ro\/informatii-despre-opera-rea-scolii-asistenta-sociala\/\" target=\"_blank\" rel=\"noreferrer noopener\">Ce face asisten\u021ba social\u0103 \u0219colar\u0103?<\/a><\/div>","protected":false},"excerpt":{"rendered":"<p>Kontakt:&nbsp;E-Mail: le.loeffler@mariaberg.deTelefon: 07573-951922Handy: 0177-9772717 Unser Team f\u00fcr das Schuljahr 2025\/26 \u00a0 Wir wollen f\u00fcr euch da sein &#8211; Wir werden f\u00fcr euch da sein Dieses Angebot soll sich nicht nur &hellip; <\/p>","protected":false},"author":1,"featured_media":0,"parent":336,"menu_order":0,"comment_status":"closed","ping_status":"closed","template":"","meta":{"footnotes":""},"class_list":["post-356","page","type-page","status-publish","hentry"],"_links":{"self":[{"href":"https:\/\/www.schulzentrum-stetten-akm.de\/ro\/wp-json\/wp\/v2\/pages\/356","targetHints":{"allow":["GET"]}}],"collection":[{"href":"https:\/\/www.schulzentrum-stetten-akm.de\/ro\/wp-json\/wp\/v2\/pages"}],"about":[{"href":"https:\/\/www.schulzentrum-stetten-akm.de\/ro\/wp-json\/wp\/v2\/types\/page"}],"author":[{"embeddable":true,"href":"https:\/\/www.schulzentrum-stetten-akm.de\/ro\/wp-json\/wp\/v2\/users\/1"}],"replies":[{"embeddable":true,"href":"https:\/\/www.schulzentrum-stetten-akm.de\/ro\/wp-json\/wp\/v2\/comments?post=356"}],"version-history":[{"count":68,"href":"https:\/\/www.schulzentrum-stetten-akm.de\/ro\/wp-json\/wp\/v2\/pages\/356\/revisions"}],"predecessor-version":[{"id":8593,"href":"https:\/\/www.schulzentrum-stetten-akm.de\/ro\/wp-json\/wp\/v2\/pages\/356\/revisions\/8593"}],"up":[{"embeddable":true,"href":"https:\/\/www.schulzentrum-stetten-akm.de\/ro\/wp-json\/wp\/v2\/pages\/336"}],"wp:attachment":[{"href":"https:\/\/www.schulzentrum-stetten-akm.de\/ro\/wp-json\/wp\/v2\/media?parent=356"}],"curies":[{"name":"wp","href":"https:\/\/api.w.org\/{rel}","templated":true}]}}

Asistență socială școlară

<p><strong>Contact:&nbsp;</strong><br>E-Mail: le.loeffler@mariaberg.de<br>Telefon: 07573-951922<br>Telefon mobil: 0177-9772717</p>



<hr class="wp-block-separator has-css-opacity"/>


<h1>Unser Team für das Schuljahr 2025/26</h1>
<div class="mceTemp"> </div>
<figure id="attachment_7549" aria-describedby="caption-attachment-7549" style="width: 958px" class="wp-caption aligncenter"><img loading="lazy" decoding="async" class="wp-image-7549" src="https://www.schulzentrum-stetten-akm.de/wp-content/uploads/2024/11/Bild_Celina_Florian_Leo-939x1024.jpeg" alt="" width="958" height="1045" srcset="https://www.schulzentrum-stetten-akm.de/wp-content/uploads/2024/11/Bild_Celina_Florian_Leo-939x1024.jpeg 939w, https://www.schulzentrum-stetten-akm.de/wp-content/uploads/2024/11/Bild_Celina_Florian_Leo-275x300.jpeg 275w, https://www.schulzentrum-stetten-akm.de/wp-content/uploads/2024/11/Bild_Celina_Florian_Leo-768x837.jpeg 768w, https://www.schulzentrum-stetten-akm.de/wp-content/uploads/2024/11/Bild_Celina_Florian_Leo-1409x1536.jpeg 1409w, https://www.schulzentrum-stetten-akm.de/wp-content/uploads/2024/11/Bild_Celina_Florian_Leo-scaled.jpeg 1879w, https://www.schulzentrum-stetten-akm.de/wp-content/uploads/2024/11/Bild_Celina_Florian_Leo-11x12.jpeg 11w" sizes="auto, (max-width: 958px) 100vw, 958px" /><figcaption id="caption-attachment-7549" class="wp-caption-text">Leo, Celina, Hanna, Julia                                  (neues Bild folgt)</figcaption></figure>


<h1 style="text-align: center;"><span style="color: #ff0000;"><strong>Vrem să fim acolo pentru tine - Vom fi acolo pentru tine</strong></span></h1>
<p>Această ofertă nu se adresează doar elevilor, ci și părinților. Această situație particulară, aceste schimbări ridică întrebări, uneori nu permit să se vadă o perspectivă.</p>
<p>Contactați-ne dacă aveți nevoie de ajutor, fie că este vorba de consiliere, de sprijin sau dacă aveți nevoie doar de cineva cu care să vorbiți.</p>
<p>Ne puteți contacta prin următoarele modalități.</p>
<p>Schreibt &#8217;ne e-mail  an: le.loeffler@mariaberg.de oder klingelt auf dem Diensthandy durch: 01779772717. Zusätzlich könnt ihr uns auf <strong>Instagram </strong> finden.</p>
<p style="text-align: center;"><strong>"Privind ÎN AVANS împreună, cu curaj și perspectivă. </strong><strong>Un zâmbet se adaugă la asta!"</strong></p>
<p>Așteptăm cu nerăbdare să vă vedem</p>
<p>Liebe Grüße Leo und Team</p>



<p class="has-text-align-center has-small-font-size">Vă rugăm să dați click pe News pentru a ajunge la "Sozi-News"!!!</p>



<div class="wp-block-button is-style-outline aligncenter is-style-outline--1"><a class="wp-block-button__link has-very-dark-gray-color has-text-color has-background wp-element-button" href="https://www.schulzentrum-stetten-akm.de/ro/consiliere-oferta-de-scoala-asistenta-sociala/" style="background-color:#fbfbfb"><img loading="lazy" decoding="async" width="200" height="200" class="wp-image-3490" src="https://www.schulzentrum-stetten-akm.de/wp-content/uploads/2020/05/IMG_0012.jpeg" alt="" style="width: 200px;" srcset="https://www.schulzentrum-stetten-akm.de/wp-content/uploads/2020/05/IMG_0012.jpeg 1031w, https://www.schulzentrum-stetten-akm.de/wp-content/uploads/2020/05/IMG_0012-300x300.jpeg 300w, https://www.schulzentrum-stetten-akm.de/wp-content/uploads/2020/05/IMG_0012-1024x1024.jpeg 1024w, https://www.schulzentrum-stetten-akm.de/wp-content/uploads/2020/05/IMG_0012-150x150.jpeg 150w, https://www.schulzentrum-stetten-akm.de/wp-content/uploads/2020/05/IMG_0012-768x768.jpeg 768w" sizes="auto, (max-width: 200px) 100vw, 200px" /></a></div>



<p class="has-text-align-center has-small-font-size">Vă rugăm să dați click pe imagine pentru a ajunge la "oferta de consiliere"!!!!</p>



<div style="height:20px" aria-hidden="true" class="wp-block-spacer"></div>



<hr class="wp-block-separator has-css-opacity"/>



<div style="height:20px" aria-hidden="true" class="wp-block-spacer"></div>



<div style="height:20px" aria-hidden="true" class="wp-block-spacer"></div>



<div class="wp-block-button aligncenter"><a class="wp-block-button__link has-very-dark-gray-color has-vivid-cyan-blue-background-color has-text-color has-background wp-element-button" href="https://www.schulzentrum-stetten-akm.de/ro/informatii-despre-opera-rea-scolii-asistenta-sociala/" target="_blank" rel="noreferrer noopener">Ce face asistența socială școlară?</a></div>

<p>Kontakt:&nbsp;E-Mail: le.loeffler@mariaberg.deTelefon: 07573-951922Handy: 0177-9772717 Unser Team für das Schuljahr 2025/26   Wir wollen für euch da sein &#8211; Wir werden für euch da sein Dieses Angebot soll sich nicht nur &hellip; </p>
