{"id":3221,"date":"2020-05-18T15:28:04","date_gmt":"2020-05-18T13:28:04","guid":{"rendered":"https:\/\/www.schulzentrum-stetten-akm.de\/?page_id=3221"},"modified":"2021-04-14T15:45:54","modified_gmt":"2021-04-14T13:45:54","slug":"soci-news","status":"publish","type":"page","link":"https:\/\/www.schulzentrum-stetten-akm.de\/ro\/soci-news\/","title":{"rendered":"\u0218tiri sociale"},"content":{"rendered":"<p class=\"has-large-font-size\">Blocare<\/p>\n\n\n\n<p><span style=\"background-color: #ffffff; color: #ff0000;\"><a style=\"background-color: #ffffff; color: #ff0000;\" href=\"https:\/\/www.schulzentrum-stetten-akm.de\/wp-content\/uploads\/2021\/02\/GS_ELternbrief_Info_Padlet.pdf\" target=\"_blank\" rel=\"noopener noreferrer\">Click aici pentru a merge la pagina noastr\u0103 de padel pentru \u0219coala primar\u0103! <\/a><\/span><\/p>\n\n\n\n<p>Aici pute\u021bi desc\u0103rca noul <span style=\"color: #ff0000;\"><a style=\"color: #ff0000;\" href=\"https:\/\/www.schulzentrum-stetten-akm.de\/wp-content\/uploads\/2021\/04\/2021_04_15_ELternbrief_Info_Padlet_f\u00fcr_Eltern_SSAStetten.doc\">Buletinul \u0219colii primare - Padlet<\/a><\/span> pentru aprilie 2021 descarc\u0103 aici!<\/p>\n\n\n\n<figure class=\"wp-block-image size-large\"><img loading=\"lazy\" decoding=\"async\" width=\"780\" height=\"262\" src=\"https:\/\/www.schulzentrum-stetten-akm.de\/wp-content\/uploads\/2020\/05\/Dance.png\" alt=\"\" class=\"wp-image-3277\" srcset=\"https:\/\/www.schulzentrum-stetten-akm.de\/wp-content\/uploads\/2020\/05\/Dance.png 780w, https:\/\/www.schulzentrum-stetten-akm.de\/wp-content\/uploads\/2020\/05\/Dance-300x101.png 300w, https:\/\/www.schulzentrum-stetten-akm.de\/wp-content\/uploads\/2020\/05\/Dance-768x258.png 768w\" sizes=\"auto, (max-width: 780px) 100vw, 780px\" \/><\/figure>\n\n\n\n<p>\u00ce\u021bi aminte\u0219ti? \u00cen primul Lockdown am dansat \u00eempreun\u0103 \u00eempotriva febrei cabanei. Iat\u0103 linkul c\u0103tre valoarea noastr\u0103 artistic\u0103 din nou!<\/p>\n\n\n\n<p class=\"has-large-font-size\">St\u00e2nga:<\/p>\n\n\n\n<p>Video: <a href=\"https:\/\/youtu.be\/tl6nC0fsB3M\">https:\/\/www.youtube.com\/watch?v=cKfJfEvfceA<\/a><\/p>\n\n\n\n<p>Muzic\u0103: <a href=\"https:\/\/www.youtube.com\/watch?v=tJi8brYK3Gg\" target=\"_blank\" rel=\"noreferrer noopener\" aria-label=\"https:\/\/www.youtube.com\/watch?v=tJi8brYK3Gg (se deschide \u00eentr-o fil\u0103 nou\u0103)\">https:\/\/www.youtube.com\/watch?v=tJi8brYK3Gg<\/a><\/p>","protected":false},"excerpt":{"rendered":"<p>Lock-Down Hier kommt ihr zu unserer Padletseite f\u00fcr die Grundschule! Hier k\u00f6nnt ihr den neuen Grundschulbrief &#8211; Padlet f\u00fcr April 2021 hier runterladen! Wisst ihr noch?? Im ersten Lockdown haben &hellip; <\/p>","protected":false},"author":1,"featured_media":0,"parent":0,"menu_order":0,"comment_status":"closed","ping_status":"closed","template":"","meta":{"footnotes":""},"class_list":["post-3221","page","type-page","status-publish","hentry"],"_links":{"self":[{"href":"https:\/\/www.schulzentrum-stetten-akm.de\/ro\/wp-json\/wp\/v2\/pages\/3221","targetHints":{"allow":["GET"]}}],"collection":[{"href":"https:\/\/www.schulzentrum-stetten-akm.de\/ro\/wp-json\/wp\/v2\/pages"}],"about":[{"href":"https:\/\/www.schulzentrum-stetten-akm.de\/ro\/wp-json\/wp\/v2\/types\/page"}],"author":[{"embeddable":true,"href":"https:\/\/www.schulzentrum-stetten-akm.de\/ro\/wp-json\/wp\/v2\/users\/1"}],"replies":[{"embeddable":true,"href":"https:\/\/www.schulzentrum-stetten-akm.de\/ro\/wp-json\/wp\/v2\/comments?post=3221"}],"version-history":[{"count":13,"href":"https:\/\/www.schulzentrum-stetten-akm.de\/ro\/wp-json\/wp\/v2\/pages\/3221\/revisions"}],"predecessor-version":[{"id":4805,"href":"https:\/\/www.schulzentrum-stetten-akm.de\/ro\/wp-json\/wp\/v2\/pages\/3221\/revisions\/4805"}],"wp:attachment":[{"href":"https:\/\/www.schulzentrum-stetten-akm.de\/ro\/wp-json\/wp\/v2\/media?parent=3221"}],"curies":[{"name":"wp","href":"https:\/\/api.w.org\/{rel}","templated":true}]}}

Știri sociale

<p class="has-large-font-size">Blocare</p>



<p><span style="background-color: #ffffff; color: #ff0000;"><a style="background-color: #ffffff; color: #ff0000;" href="https://www.schulzentrum-stetten-akm.de/wp-content/uploads/2021/02/GS_ELternbrief_Info_Padlet.pdf" target="_blank" rel="noopener noreferrer">Click aici pentru a merge la pagina noastră de padel pentru școala primară! </a></span></p>



<p>Aici puteți descărca noul <span style="color: #ff0000;"><a style="color: #ff0000;" href="https://www.schulzentrum-stetten-akm.de/wp-content/uploads/2021/04/2021_04_15_ELternbrief_Info_Padlet_für_Eltern_SSAStetten.doc">Buletinul școlii primare - Padlet</a></span> pentru aprilie 2021 descarcă aici!</p>



<figure class="wp-block-image size-large"><img loading="lazy" decoding="async" width="780" height="262" src="https://www.schulzentrum-stetten-akm.de/wp-content/uploads/2020/05/Dance.png" alt="" class="wp-image-3277" srcset="https://www.schulzentrum-stetten-akm.de/wp-content/uploads/2020/05/Dance.png 780w, https://www.schulzentrum-stetten-akm.de/wp-content/uploads/2020/05/Dance-300x101.png 300w, https://www.schulzentrum-stetten-akm.de/wp-content/uploads/2020/05/Dance-768x258.png 768w" sizes="auto, (max-width: 780px) 100vw, 780px" /></figure>



<p>Îți amintești? În primul Lockdown am dansat împreună împotriva febrei cabanei. Iată linkul către valoarea noastră artistică din nou!</p>



<p class="has-large-font-size">Stânga:</p>



<p>Video: <a href="https://youtu.be/tl6nC0fsB3M">https://www.youtube.com/watch?v=cKfJfEvfceA</a></p>



<p>Muzică: <a href="https://www.youtube.com/watch?v=tJi8brYK3Gg" target="_blank" rel="noreferrer noopener" aria-label="https://www.youtube.com/watch?v=tJi8brYK3Gg (se deschide într-o filă nouă)">https://www.youtube.com/watch?v=tJi8brYK3Gg</a></p>

<p>Lock-Down Hier kommt ihr zu unserer Padletseite für die Grundschule! Hier könnt ihr den neuen Grundschulbrief &#8211; Padlet für April 2021 hier runterladen! Wisst ihr noch?? Im ersten Lockdown haben &hellip; </p>
