{"id":1151,"date":"2020-03-16T14:58:35","date_gmt":"2020-03-16T13:58:35","guid":{"rendered":"https:\/\/www.schulzentrum-stetten-akm.de\/?page_id=1151"},"modified":"2020-04-16T11:45:17","modified_gmt":"2020-04-16T09:45:17","slug":"klasse-1-vor-ostern","status":"publish","type":"page","link":"https:\/\/www.schulzentrum-stetten-akm.de\/ro\/klasse-1-vor-ostern\/","title":{"rendered":"Klasse 1 vor Ostern"},"content":{"rendered":"<div class=\"wp-block-button\"><a class=\"wp-block-button__link has-text-color has-very-dark-gray-color has-background has-vivid-cyan-blue-background-color\" href=\"https:\/\/www.schulzentrum-stetten-akm.de\/wp-content\/uploads\/2020\/03\/Wochenplan-Lernstufe-1-Woche-1.pdf\">Planul s\u0103pt\u0103m\u00e2nal 1<\/a><\/div>\n\n\n\n<div class=\"wp-block-button\"><a class=\"wp-block-button__link has-text-color has-very-dark-gray-color has-background has-vivid-cyan-blue-background-color\" href=\"https:\/\/www.schulzentrum-stetten-akm.de\/wp-content\/uploads\/2020\/03\/Wochenplan-Lernstufe-1-Woche-2.pdf\">Planul s\u0103pt\u0103m\u00e2nal 2<\/a><\/div>\n\n\n\n<div class=\"wp-block-button\"><a class=\"wp-block-button__link has-text-color has-very-dark-gray-color has-background has-vivid-cyan-blue-background-color\" href=\"https:\/\/www.schulzentrum-stetten-akm.de\/wp-content\/uploads\/2020\/03\/Wochenplan-Lernstufe-1-Woche-3.pdf\">Planul s\u0103pt\u0103m\u00e2nal 3<\/a><\/div>\n\n\n\n<div class=\"wp-block-button\"><a class=\"wp-block-button__link has-text-color has-very-dark-gray-color has-background has-light-green-cyan-background-color\" href=\"https:\/\/www.schulzentrum-stetten-akm.de\/wp-content\/uploads\/2020\/03\/Sachunterricht-Klasse-1-2.pdf\">Sachunterricht<\/a><\/div>\n\n\n\n<div class=\"wp-block-button\"><a class=\"wp-block-button__link has-text-color has-very-light-gray-color has-background has-vivid-purple-background-color\" href=\"https:\/\/www.schulzentrum-stetten-akm.de\/wp-content\/uploads\/2020\/03\/Musik-Klasse-1.pdf\">Musik <\/a><\/div>\n\n\n\n<div class=\"wp-block-button\"><a class=\"wp-block-button__link has-text-color has-vivid-purple-color has-background has-luminous-vivid-amber-background-color\" href=\"https:\/\/www.schulzentrum-stetten-akm.de\/wp-content\/uploads\/2020\/03\/Ostercountdown1-2.pdf\">Num\u0103r\u0103toarea invers\u0103 de Pa\u0219te<\/a><\/div>\n\n\n\n<div class=\"wp-block-button\"><a class=\"wp-block-button__link has-text-color has-very-dark-gray-color has-background has-luminous-vivid-orange-background-color\" href=\"https:\/\/www.schulzentrum-stetten-akm.de\/wp-content\/uploads\/2020\/03\/Erkl\u00e4rvideos-Klasse-1.pdf\">Leicht erkl\u00e4rt&#8230;<\/a><\/div>\n\n\n\n<div class=\"wp-block-button\"><a class=\"wp-block-button__link has-text-color has-very-dark-gray-color has-background has-vivid-green-cyan-background-color\" href=\"https:\/\/www.schulzentrum-stetten-akm.de\/wp-content\/uploads\/2020\/03\/Freiwillige-Fr\u00fchlingsaufgaben.pdf\">Freiwillige Fr\u00fchlings-Aufgaben<\/a><\/div>","protected":false},"excerpt":{"rendered":"","protected":false},"author":33,"featured_media":0,"parent":0,"menu_order":0,"comment_status":"closed","ping_status":"closed","template":"","meta":{"footnotes":""},"class_list":["post-1151","page","type-page","status-publish","hentry"],"_links":{"self":[{"href":"https:\/\/www.schulzentrum-stetten-akm.de\/ro\/wp-json\/wp\/v2\/pages\/1151","targetHints":{"allow":["GET"]}}],"collection":[{"href":"https:\/\/www.schulzentrum-stetten-akm.de\/ro\/wp-json\/wp\/v2\/pages"}],"about":[{"href":"https:\/\/www.schulzentrum-stetten-akm.de\/ro\/wp-json\/wp\/v2\/types\/page"}],"author":[{"embeddable":true,"href":"https:\/\/www.schulzentrum-stetten-akm.de\/ro\/wp-json\/wp\/v2\/users\/33"}],"replies":[{"embeddable":true,"href":"https:\/\/www.schulzentrum-stetten-akm.de\/ro\/wp-json\/wp\/v2\/comments?post=1151"}],"version-history":[{"count":16,"href":"https:\/\/www.schulzentrum-stetten-akm.de\/ro\/wp-json\/wp\/v2\/pages\/1151\/revisions"}],"predecessor-version":[{"id":1877,"href":"https:\/\/www.schulzentrum-stetten-akm.de\/ro\/wp-json\/wp\/v2\/pages\/1151\/revisions\/1877"}],"wp:attachment":[{"href":"https:\/\/www.schulzentrum-stetten-akm.de\/ro\/wp-json\/wp\/v2\/media?parent=1151"}],"curies":[{"name":"wp","href":"https:\/\/api.w.org\/{rel}","templated":true}]}}

<div class="wp-block-button"><a class="wp-block-button__link has-text-color has-very-dark-gray-color has-background has-vivid-cyan-blue-background-color" href="https://www.schulzentrum-stetten-akm.de/wp-content/uploads/2020/03/Wochenplan-Lernstufe-1-Woche-1.pdf">Planul săptămânal 1</a></div>



<div class="wp-block-button"><a class="wp-block-button__link has-text-color has-very-dark-gray-color has-background has-vivid-cyan-blue-background-color" href="https://www.schulzentrum-stetten-akm.de/wp-content/uploads/2020/03/Wochenplan-Lernstufe-1-Woche-2.pdf">Planul săptămânal 2</a></div>



<div class="wp-block-button"><a class="wp-block-button__link has-text-color has-very-dark-gray-color has-background has-vivid-cyan-blue-background-color" href="https://www.schulzentrum-stetten-akm.de/wp-content/uploads/2020/03/Wochenplan-Lernstufe-1-Woche-3.pdf">Planul săptămânal 3</a></div>



<div class="wp-block-button"><a class="wp-block-button__link has-text-color has-very-dark-gray-color has-background has-light-green-cyan-background-color" href="https://www.schulzentrum-stetten-akm.de/wp-content/uploads/2020/03/Sachunterricht-Klasse-1-2.pdf">Sachunterricht</a></div>



<div class="wp-block-button"><a class="wp-block-button__link has-text-color has-very-light-gray-color has-background has-vivid-purple-background-color" href="https://www.schulzentrum-stetten-akm.de/wp-content/uploads/2020/03/Musik-Klasse-1.pdf">Musik </a></div>



<div class="wp-block-button"><a class="wp-block-button__link has-text-color has-vivid-purple-color has-background has-luminous-vivid-amber-background-color" href="https://www.schulzentrum-stetten-akm.de/wp-content/uploads/2020/03/Ostercountdown1-2.pdf">Numărătoarea inversă de Paște</a></div>



<div class="wp-block-button"><a class="wp-block-button__link has-text-color has-very-dark-gray-color has-background has-luminous-vivid-orange-background-color" href="https://www.schulzentrum-stetten-akm.de/wp-content/uploads/2020/03/Erklärvideos-Klasse-1.pdf">Leicht erklärt&#8230;</a></div>



<div class="wp-block-button"><a class="wp-block-button__link has-text-color has-very-dark-gray-color has-background has-vivid-green-cyan-background-color" href="https://www.schulzentrum-stetten-akm.de/wp-content/uploads/2020/03/Freiwillige-Frühlingsaufgaben.pdf">Freiwillige Frühlings-Aufgaben</a></div>
