{"id":1117,"date":"2020-03-16T14:22:47","date_gmt":"2020-03-16T13:22:47","guid":{"rendered":"https:\/\/www.schulzentrum-stetten-akm.de\/?page_id=1117"},"modified":"2020-04-16T11:03:27","modified_gmt":"2020-04-16T09:03:27","slug":"grupul-de-invatare-8-inainte-de-paste","status":"publish","type":"page","link":"https:\/\/www.schulzentrum-stetten-akm.de\/ro\/grupul-de-invatare-8-inainte-de-paste\/","title":{"rendered":"Grupul de \u00eenv\u0103\u021bare 8 \u00eenainte de Pa\u0219te"},"content":{"rendered":"<div class=\"wp-block-columns is-layout-flex wp-container-core-columns-is-layout-1 wp-block-columns-is-layout-flex\">\n<div class=\"wp-block-column is-layout-flow wp-block-column-is-layout-flow\">\n<p class=\"has-text-align-center\"><strong>Grupul de studiu 8.1<\/strong><\/p>\n\n\n\n<div class=\"wp-block-button aligncenter\"><a class=\"wp-block-button__link has-background has-luminous-vivid-orange-background-color\" href=\"https:\/\/www.schulzentrum-stetten-akm.de\/wp-content\/uploads\/2020\/03\/Lernplan-8.1-und-8.2-Woche-1.pdf\">Plan s\u0103pt\u0103m\u00e2nal 1 cu material<\/a><\/div>\n\n\n\n<div class=\"wp-block-button aligncenter\"><a class=\"wp-block-button__link has-background has-luminous-vivid-amber-background-color\" href=\"https:\/\/www.schulzentrum-stetten-akm.de\/wp-content\/uploads\/2020\/03\/Lernpaket-Englisch-8.1.8.2-f\u00fcr-16.03.-20.03-1.pdf\">Material Englez\u0103 M\/E S\u0103pt\u0103m\u00e2na 1<\/a><\/div>\n\n\n\n<div class=\"wp-block-button aligncenter\"><a class=\"wp-block-button__link has-background has-vivid-green-cyan-background-color\" href=\"https:\/\/www.schulzentrum-stetten-akm.de\/wp-content\/uploads\/2020\/03\/Lernpaket-Franz\u00f6sisch-8.1.8.2-bis-zu-den-Osterferien.pdf\">Material francez p\u00e2n\u0103 la Pa\u0219te<\/a><\/div>\n\n\n\n<hr class=\"wp-block-separator\"\/>\n\n\n\n<div class=\"wp-block-button aligncenter\"><a class=\"wp-block-button__link has-text-color has-very-light-gray-color has-background has-luminous-vivid-orange-background-color\" href=\"https:\/\/www.schulzentrum-stetten-akm.de\/wp-content\/uploads\/2020\/03\/Lernplan-Woche-2-LG8.1.pdf\">Planul s\u0103pt\u0103m\u00e2nal 2<\/a><\/div>\n\n\n\n<div class=\"wp-block-button aligncenter\"><a class=\"wp-block-button__link has-text-color has-very-light-gray-color has-background has-luminous-vivid-orange-background-color\" href=\"https:\/\/www.schulzentrum-stetten-akm.de\/wp-content\/uploads\/2020\/03\/Lernplan-Woche-3-LG-8.1-und-8.2.pdf\">Planul s\u0103pt\u0103m\u00e2nal 3<\/a><\/div>\n\n\n\n<hr class=\"wp-block-separator\"\/>\n\n\n\n<div class=\"wp-block-button aligncenter\"><a class=\"wp-block-button__link has-background has-light-green-cyan-background-color\" href=\"https:\/\/www.schulzentrum-stetten-akm.de\/wp-content\/uploads\/2020\/03\/L\u00f6sungen-Wochenplan-1-LG8.pdf\">Solu\u021bii plan s\u0103pt\u0103m\u00e2nal 1 (online din 20.03.20)<\/a><\/div>\n\n\n\n<div class=\"wp-block-button aligncenter\"><a class=\"wp-block-button__link has-background has-light-green-cyan-background-color\" href=\"https:\/\/www.schulzentrum-stetten-akm.de\/wp-content\/uploads\/2020\/03\/L\u00d6SUNGEN-8.1-und-8.2-Woche-2.pdf\">Solu\u021bii plan s\u0103pt\u0103m\u00e2nal 2 (online din 27.03.20)<\/a><\/div>\n\n\n\n<div class=\"wp-block-button aligncenter\"><a class=\"wp-block-button__link has-text-color has-very-light-gray-color has-background has-light-green-cyan-background-color\" href=\"https:\/\/www.schulzentrum-stetten-akm.de\/wp-content\/uploads\/2020\/04\/L\u00f6sungen-Wochenplan-3-LG8.pdf\">Solu\u021bii plan s\u0103pt\u0103m\u00e2nal 3 (online din 03.04.20)<\/a><\/div>\n<\/div>\n\n\n\n<div class=\"wp-block-column is-layout-flow wp-block-column-is-layout-flow\">\n<p class=\"has-text-align-center\"><strong>Grupul de studiu 8.2<\/strong><\/p>\n\n\n\n<div class=\"wp-block-button aligncenter\"><a class=\"wp-block-button__link has-background has-pale-pink-background-color\" href=\"https:\/\/www.schulzentrum-stetten-akm.de\/wp-content\/uploads\/2020\/03\/Lernplan-8.1-und-8.2-Woche-1.pdf\">Plan s\u0103pt\u0103m\u00e2nal 1 cu material<\/a><\/div>\n\n\n\n<div class=\"wp-block-button aligncenter\"><a class=\"wp-block-button__link has-background has-luminous-vivid-amber-background-color\" href=\"https:\/\/www.schulzentrum-stetten-akm.de\/wp-content\/uploads\/2020\/03\/Lernpaket-Englisch-8.1.8.2-f\u00fcr-16.03.-20.03-1.pdf\">Material Englez\u0103 M\/E S\u0103pt\u0103m\u00e2na 1<\/a><\/div>\n\n\n\n<div class=\"wp-block-button aligncenter\"><a class=\"wp-block-button__link has-background has-vivid-green-cyan-background-color\" href=\"https:\/\/www.schulzentrum-stetten-akm.de\/wp-content\/uploads\/2020\/03\/Lernpaket-Franz\u00f6sisch-8.1.8.2-bis-zu-den-Osterferien.pdf\">Material francez p\u00e2n\u0103 la Pa\u0219te<\/a><\/div>\n\n\n\n<hr class=\"wp-block-separator\"\/>\n\n\n\n<div class=\"wp-block-button aligncenter\"><a class=\"wp-block-button__link has-text-color has-very-light-gray-color has-background has-pale-pink-background-color\" href=\"https:\/\/www.schulzentrum-stetten-akm.de\/wp-content\/uploads\/2020\/03\/Lernplan-Woche-2-LG8.2.pdf\">Planul s\u0103pt\u0103m\u00e2nal 2<\/a><\/div>\n\n\n\n<hr class=\"wp-block-separator\"\/>\n\n\n\n<div class=\"wp-block-button aligncenter\"><a class=\"wp-block-button__link has-text-color has-very-light-gray-color has-background has-pale-pink-background-color\" href=\"https:\/\/www.schulzentrum-stetten-akm.de\/wp-content\/uploads\/2020\/03\/Lernplan-Woche-3-LG-8.1-und-8.2.pdf\">Planul s\u0103pt\u0103m\u00e2nal 3<\/a><\/div>\n\n\n\n<div class=\"wp-block-button aligncenter\"><a class=\"wp-block-button__link has-background has-vivid-purple-background-color\" href=\"https:\/\/www.schulzentrum-stetten-akm.de\/wp-content\/uploads\/2020\/03\/L\u00f6sungen-Wochenplan-1-LG8.pdf\">Solu\u021bii plan s\u0103pt\u0103m\u00e2nal 1 (online din 20.03.20)<\/a><\/div>\n\n\n\n<div class=\"wp-block-button aligncenter\"><a class=\"wp-block-button__link has-background has-vivid-purple-background-color\" href=\"https:\/\/www.schulzentrum-stetten-akm.de\/wp-content\/uploads\/2020\/03\/L\u00d6SUNGEN-8.1-und-8.2-Woche-2.pdf\">Solu\u021bii plan s\u0103pt\u0103m\u00e2nal 2 (online din 27.03.20) <\/a><\/div>\n\n\n\n<div class=\"wp-block-button aligncenter\"><a class=\"wp-block-button__link has-text-color has-very-light-gray-color has-background has-vivid-purple-background-color\" href=\"https:\/\/www.schulzentrum-stetten-akm.de\/wp-content\/uploads\/2020\/04\/L\u00f6sungen-Wochenplan-3-LG8.pdf\">Solu\u021bii plan s\u0103pt\u0103m\u00e2nal 3 (online din 03.04.20)<\/a><\/div>\n<\/div>\n<\/div>\n\n\n\n<p><\/p>","protected":false},"excerpt":{"rendered":"<p>Grupul de \u00eenv\u0103\u021bare 8.1 Grupul de \u00eenv\u0103\u021bare 8.2<\/p>","protected":false},"author":1,"featured_media":0,"parent":0,"menu_order":0,"comment_status":"closed","ping_status":"closed","template":"","meta":{"footnotes":""},"class_list":["post-1117","page","type-page","status-publish","hentry"],"_links":{"self":[{"href":"https:\/\/www.schulzentrum-stetten-akm.de\/ro\/wp-json\/wp\/v2\/pages\/1117","targetHints":{"allow":["GET"]}}],"collection":[{"href":"https:\/\/www.schulzentrum-stetten-akm.de\/ro\/wp-json\/wp\/v2\/pages"}],"about":[{"href":"https:\/\/www.schulzentrum-stetten-akm.de\/ro\/wp-json\/wp\/v2\/types\/page"}],"author":[{"embeddable":true,"href":"https:\/\/www.schulzentrum-stetten-akm.de\/ro\/wp-json\/wp\/v2\/users\/1"}],"replies":[{"embeddable":true,"href":"https:\/\/www.schulzentrum-stetten-akm.de\/ro\/wp-json\/wp\/v2\/comments?post=1117"}],"version-history":[{"count":22,"href":"https:\/\/www.schulzentrum-stetten-akm.de\/ro\/wp-json\/wp\/v2\/pages\/1117\/revisions"}],"predecessor-version":[{"id":1844,"href":"https:\/\/www.schulzentrum-stetten-akm.de\/ro\/wp-json\/wp\/v2\/pages\/1117\/revisions\/1844"}],"wp:attachment":[{"href":"https:\/\/www.schulzentrum-stetten-akm.de\/ro\/wp-json\/wp\/v2\/media?parent=1117"}],"curies":[{"name":"wp","href":"https:\/\/api.w.org\/{rel}","templated":true}]}}

Grupul de învățare 8 înainte de Paște

<div class="wp-block-columns is-layout-flex wp-container-core-columns-is-layout-1 wp-block-columns-is-layout-flex">
<div class="wp-block-column is-layout-flow wp-block-column-is-layout-flow">
<p class="has-text-align-center"><strong>Grupul de studiu 8.1</strong></p>



<div class="wp-block-button aligncenter"><a class="wp-block-button__link has-background has-luminous-vivid-orange-background-color" href="https://www.schulzentrum-stetten-akm.de/wp-content/uploads/2020/03/Lernplan-8.1-und-8.2-Woche-1.pdf">Plan săptămânal 1 cu material</a></div>



<div class="wp-block-button aligncenter"><a class="wp-block-button__link has-background has-luminous-vivid-amber-background-color" href="https://www.schulzentrum-stetten-akm.de/wp-content/uploads/2020/03/Lernpaket-Englisch-8.1.8.2-für-16.03.-20.03-1.pdf">Material Engleză M/E Săptămâna 1</a></div>



<div class="wp-block-button aligncenter"><a class="wp-block-button__link has-background has-vivid-green-cyan-background-color" href="https://www.schulzentrum-stetten-akm.de/wp-content/uploads/2020/03/Lernpaket-Französisch-8.1.8.2-bis-zu-den-Osterferien.pdf">Material francez până la Paște</a></div>



<hr class="wp-block-separator"/>



<div class="wp-block-button aligncenter"><a class="wp-block-button__link has-text-color has-very-light-gray-color has-background has-luminous-vivid-orange-background-color" href="https://www.schulzentrum-stetten-akm.de/wp-content/uploads/2020/03/Lernplan-Woche-2-LG8.1.pdf">Planul săptămânal 2</a></div>



<div class="wp-block-button aligncenter"><a class="wp-block-button__link has-text-color has-very-light-gray-color has-background has-luminous-vivid-orange-background-color" href="https://www.schulzentrum-stetten-akm.de/wp-content/uploads/2020/03/Lernplan-Woche-3-LG-8.1-und-8.2.pdf">Planul săptămânal 3</a></div>



<hr class="wp-block-separator"/>



<div class="wp-block-button aligncenter"><a class="wp-block-button__link has-background has-light-green-cyan-background-color" href="https://www.schulzentrum-stetten-akm.de/wp-content/uploads/2020/03/Lösungen-Wochenplan-1-LG8.pdf">Soluții plan săptămânal 1 (online din 20.03.20)</a></div>



<div class="wp-block-button aligncenter"><a class="wp-block-button__link has-background has-light-green-cyan-background-color" href="https://www.schulzentrum-stetten-akm.de/wp-content/uploads/2020/03/LÖSUNGEN-8.1-und-8.2-Woche-2.pdf">Soluții plan săptămânal 2 (online din 27.03.20)</a></div>



<div class="wp-block-button aligncenter"><a class="wp-block-button__link has-text-color has-very-light-gray-color has-background has-light-green-cyan-background-color" href="https://www.schulzentrum-stetten-akm.de/wp-content/uploads/2020/04/Lösungen-Wochenplan-3-LG8.pdf">Soluții plan săptămânal 3 (online din 03.04.20)</a></div>
</div>



<div class="wp-block-column is-layout-flow wp-block-column-is-layout-flow">
<p class="has-text-align-center"><strong>Grupul de studiu 8.2</strong></p>



<div class="wp-block-button aligncenter"><a class="wp-block-button__link has-background has-pale-pink-background-color" href="https://www.schulzentrum-stetten-akm.de/wp-content/uploads/2020/03/Lernplan-8.1-und-8.2-Woche-1.pdf">Plan săptămânal 1 cu material</a></div>



<div class="wp-block-button aligncenter"><a class="wp-block-button__link has-background has-luminous-vivid-amber-background-color" href="https://www.schulzentrum-stetten-akm.de/wp-content/uploads/2020/03/Lernpaket-Englisch-8.1.8.2-für-16.03.-20.03-1.pdf">Material Engleză M/E Săptămâna 1</a></div>



<div class="wp-block-button aligncenter"><a class="wp-block-button__link has-background has-vivid-green-cyan-background-color" href="https://www.schulzentrum-stetten-akm.de/wp-content/uploads/2020/03/Lernpaket-Französisch-8.1.8.2-bis-zu-den-Osterferien.pdf">Material francez până la Paște</a></div>



<hr class="wp-block-separator"/>



<div class="wp-block-button aligncenter"><a class="wp-block-button__link has-text-color has-very-light-gray-color has-background has-pale-pink-background-color" href="https://www.schulzentrum-stetten-akm.de/wp-content/uploads/2020/03/Lernplan-Woche-2-LG8.2.pdf">Planul săptămânal 2</a></div>



<hr class="wp-block-separator"/>



<div class="wp-block-button aligncenter"><a class="wp-block-button__link has-text-color has-very-light-gray-color has-background has-pale-pink-background-color" href="https://www.schulzentrum-stetten-akm.de/wp-content/uploads/2020/03/Lernplan-Woche-3-LG-8.1-und-8.2.pdf">Planul săptămânal 3</a></div>



<div class="wp-block-button aligncenter"><a class="wp-block-button__link has-background has-vivid-purple-background-color" href="https://www.schulzentrum-stetten-akm.de/wp-content/uploads/2020/03/Lösungen-Wochenplan-1-LG8.pdf">Soluții plan săptămânal 1 (online din 20.03.20)</a></div>



<div class="wp-block-button aligncenter"><a class="wp-block-button__link has-background has-vivid-purple-background-color" href="https://www.schulzentrum-stetten-akm.de/wp-content/uploads/2020/03/LÖSUNGEN-8.1-und-8.2-Woche-2.pdf">Soluții plan săptămânal 2 (online din 27.03.20) </a></div>



<div class="wp-block-button aligncenter"><a class="wp-block-button__link has-text-color has-very-light-gray-color has-background has-vivid-purple-background-color" href="https://www.schulzentrum-stetten-akm.de/wp-content/uploads/2020/04/Lösungen-Wochenplan-3-LG8.pdf">Soluții plan săptămânal 3 (online din 03.04.20)</a></div>
</div>
</div>



<p></p>

<p>Grupul de învățare 8.1 Grupul de învățare 8.2</p>
