{"id":996,"date":"2020-03-09T17:40:34","date_gmt":"2020-03-09T16:40:34","guid":{"rendered":"https:\/\/www.schulzentrum-stetten-akm.de\/?page_id=996"},"modified":"2020-06-13T09:58:19","modified_gmt":"2020-06-13T07:58:19","slug":"conoplan","status":"publish","type":"page","link":"https:\/\/www.schulzentrum-stetten-akm.de\/pl\/conoplan\/","title":{"rendered":"Materialb\u00f6rse"},"content":{"rendered":"<div class=\"wp-block-image\"><figure class=\"aligncenter size-medium\"><img loading=\"lazy\" decoding=\"async\" width=\"300\" height=\"157\" src=\"https:\/\/www.schulzentrum-stetten-akm.de\/wp-content\/uploads\/2020\/03\/lernen-300x157.jpg\" alt=\"\" class=\"wp-image-1003\" srcset=\"https:\/\/www.schulzentrum-stetten-akm.de\/wp-content\/uploads\/2020\/03\/lernen-300x157.jpg 300w, https:\/\/www.schulzentrum-stetten-akm.de\/wp-content\/uploads\/2020\/03\/lernen-768x403.jpg 768w, https:\/\/www.schulzentrum-stetten-akm.de\/wp-content\/uploads\/2020\/03\/lernen.jpg 900w\" sizes=\"auto, (max-width: 300px) 100vw, 300px\" \/><\/figure><\/div>\n\n\n\n<p class=\"has-text-align-center has-large-font-size\">Lernpl\u00e4ne f\u00fcr die jeweiligen Klassenstufen<\/p>\n\n\n\n<p>Die Umstellung von \u201eUnterricht in der Schule\u201c zu \u201eUnterricht zu Hause\u201c wird f\u00fcr uns alle, insbesondere f\u00fcr die Sch\u00fclerInnen und LernpartnerInnen eine Umstellung sein. Die folgenden Hinweise sollen als Unterst\u00fctzung dienen diese neue Situation gut und effektiv zu meistern.<br>Die t\u00e4gliche Arbeit an Schulmaterialien sollten ab Stufe 5&nbsp;<em>mindestens&nbsp;<strong>vier<\/strong>&nbsp;Stunden<\/em>, in Pr\u00fcfungsklassen mehr umfassen.<\/p>\n\n\n\n<p><strong>Grundschule:<\/strong><br \/>1.-4. Klasse t\u00e4glich: min. 3-4 Stunden<br \/><br \/><strong>Sekundarstufe (5 &#8211; 10):<\/strong> <br \/>t\u00e4glich min. 4 Stunden, <br \/><span style=\"color: #ff0000;\">in Pr\u00fcfungsklassen (RS 10 und G-Niveau 9) mehr &#8211;&gt; 4-6 Stunden<\/span><\/p>\n\n\n\n<p class=\"has-background has-luminous-vivid-orange-background-color\">Wir empfehlen ein p\u00fcnktliches Starten in den Tag (gegen 8 Uhr) und effektive Arbeit mit den \u00fcblichen Pausen, am besten an der frischen Luft.<\/p>\n\n\n\n<p>Bei Problemen ist zun\u00e4chst die Homepage zu konsultieren, anschlie\u00dfend Mitsch\u00fclerInnen (telefonisch) und wenn auch dies keine Abhilfe schafft, die entsprechenden <a href=\"https:\/\/www.schulzentrum-stetten-akm.de\/pl\/lehrer\/godziny-pracy\/\">Lehrkr\u00e4fte per Mail<\/a>. <\/p>\n\n\n\n<p>Die Lern- und Aufgabenpakete sind mit Angaben versehen <strong>bis wann<\/strong> sie zu erledigen sind \u2013 diese sind zu beachten und die Tage entsprechend zu strukturieren.<\/p>\n\n\n\n<p>L\u00f6sungsbl\u00e4tter und weitere Hinweise bei Bedarf auf dieser Seite.<\/p>\n\n\n\n<div class=\"wp-block-button aligncenter is-style-outline is-style-outline--1\"><a class=\"wp-block-button__link has-text-color has-very-light-gray-color has-background has-vivid-red-background-color\" href=\"https:\/\/www.schulzentrum-stetten-akm.de\/wp-content\/uploads\/2020\/04\/Elterninformation-Lernen-zu-Hause-Stand-20-4-2020.pdf\">Lerntipps Hinweise vom ZSL<\/a><\/div>\n\n\n\n<hr class=\"wp-block-separator is-style-wide\"\/>\n\n\n\n<div class=\"wp-block-columns is-layout-flex wp-container-core-columns-is-layout-1 wp-block-columns-is-layout-flex\">\n<div class=\"wp-block-column is-layout-flow wp-block-column-is-layout-flow\" style=\"flex-basis:33.34%\">\n<p class=\"has-text-align-center has-large-font-size\"><span style=\"color:#0693e3\" class=\"tadv-color\">Szko\u0142a podstawowa<\/span><\/p>\n\n\n\n<hr class=\"wp-block-separator is-style-wide\"\/>\n\n\n\n<div class=\"wp-block-button aligncenter\"><a class=\"wp-block-button__link has-text-color has-very-dark-gray-color has-background has-vivid-cyan-blue-background-color\" href=\"https:\/\/www.schulzentrum-stetten-akm.de\/pl\/klasse-1-nach-pfingsten\/\" target=\"_blank\" rel=\"noreferrer noopener\">Klasse 1<\/a><\/div>\n\n\n\n<div class=\"wp-block-button aligncenter\"><a class=\"wp-block-button__link has-text-color has-very-dark-gray-color has-background has-vivid-cyan-blue-background-color\" href=\"https:\/\/www.schulzentrum-stetten-akm.de\/pl\/klasse-2-nach-pfingsten\/\" target=\"_blank\" rel=\"noreferrer noopener\">Klasse 2<\/a><\/div>\n\n\n\n<div class=\"wp-block-button aligncenter\"><a class=\"wp-block-button__link has-text-color has-very-dark-gray-color has-background has-vivid-cyan-blue-background-color\" href=\"https:\/\/www.schulzentrum-stetten-akm.de\/pl\/klasse-3\/\" target=\"_blank\" rel=\"noreferrer noopener\">Klasse 3 <\/a><\/div>\n\n\n\n<div class=\"wp-block-button aligncenter\"><a class=\"wp-block-button__link has-text-color has-very-dark-gray-color has-background has-vivid-cyan-blue-background-color\" href=\"https:\/\/www.schulzentrum-stetten-akm.de\/pl\/klasse-4\/\" target=\"_blank\" rel=\"noreferrer noopener\">Klasse 4<\/a><\/div>\n\n\n\n<div class=\"wp-block-button aligncenter\"><a class=\"wp-block-button__link has-text-color has-luminous-vivid-amber-color\" href=\"https:\/\/www.schulzentrum-stetten-akm.de\/pl\/sport-gs\/\">Sport GS<br>vor Ostern<\/a><\/div>\n<\/div>\n\n\n\n<div class=\"wp-block-column is-layout-flow wp-block-column-is-layout-flow\" style=\"flex-basis:33.34%\">\n<p class=\"has-text-align-center has-large-font-size\"><span style=\"color:#8ed1fc\" class=\"tadv-color\">Drugorz\u0119dny<\/span><\/p>\n\n\n\n<hr class=\"wp-block-separator is-style-wide\"\/>\n\n\n\n<div class=\"wp-block-button aligncenter\"><a class=\"wp-block-button__link has-text-color has-very-dark-gray-color has-background has-pale-cyan-blue-background-color\" href=\"https:\/\/www.schulzentrum-stetten-akm.de\/pl\/lerngruppe-5\/\" target=\"_blank\" rel=\"noreferrer noopener\">Lerngruppe 5<\/a><\/div>\n\n\n\n<div class=\"wp-block-button aligncenter\"><a class=\"wp-block-button__link has-text-color has-very-dark-gray-color has-background has-pale-cyan-blue-background-color\" href=\"https:\/\/www.schulzentrum-stetten-akm.de\/pl\/lerngruppe-6\/\" target=\"_blank\" rel=\"noreferrer noopener\">Lerngruppe 6<\/a><\/div>\n\n\n\n<div class=\"wp-block-button aligncenter\"><a class=\"wp-block-button__link has-text-color has-very-dark-gray-color has-background has-pale-cyan-blue-background-color\" href=\"https:\/\/www.schulzentrum-stetten-akm.de\/pl\/lerngruppe-7\/\" target=\"_blank\" rel=\"noreferrer noopener\">Lerngruppe 7<\/a><\/div>\n\n\n\n<div class=\"wp-block-button aligncenter\"><a class=\"wp-block-button__link has-text-color has-very-dark-gray-color has-background has-pale-cyan-blue-background-color\" href=\"https:\/\/www.schulzentrum-stetten-akm.de\/pl\/lerngruppe-8\/\" target=\"_blank\" rel=\"noreferrer noopener\">Lerngruppe 8<\/a><\/div>\n\n\n\n<div class=\"wp-block-button aligncenter\"><a class=\"wp-block-button__link has-text-color has-very-dark-gray-color has-background has-pale-cyan-blue-background-color\" href=\"https:\/\/www.schulzentrum-stetten-akm.de\/pl\/lerngruppen-9\/\" target=\"_blank\" rel=\"noreferrer noopener\">Lerngruppe 9<\/a><\/div>\n\n\n\n<div class=\"wp-block-button aligncenter\"><a class=\"wp-block-button__link has-text-color has-very-dark-gray-color has-background has-pale-cyan-blue-background-color\" href=\"https:\/\/www.schulzentrum-stetten-akm.de\/pl\/lerngruppe-10-2\/\" target=\"_blank\" rel=\"noreferrer noopener\">Lerngruppe 10<\/a><\/div>\n\n\n\n<div class=\"wp-block-button aligncenter\"><a class=\"wp-block-button__link has-text-color has-luminous-vivid-amber-color\" href=\"https:\/\/www.schulzentrum-stetten-akm.de\/wp-content\/uploads\/2020\/03\/Sportplan-Lerngruppe-5-bis-10.pdf\">Sport GMS<br>vor Ostern<\/a><\/div>\n<\/div>\n\n\n\n<div class=\"wp-block-column is-layout-flow wp-block-column-is-layout-flow\" style=\"flex-basis:33.33%\">\n<p class=\"has-text-align-center has-large-font-size\"><span style=\"color:#cf2e2e\" class=\"tadv-color\">Links<\/span> <\/p>\n\n\n\n<div class=\"wp-block-button aligncenter\"><a class=\"wp-block-button__link has-text-color has-pale-cyan-blue-color has-background\" href=\"https:\/\/moodle.schulzentrum-stetten-akm.de\/moodle\/blocks\/exa2fa\/login\/\" style=\"background-color:#eef3f5\" target=\"_blank\" rel=\"noreferrer noopener\"><img loading=\"lazy\" decoding=\"async\" width=\"150\" height=\"37\" class=\"wp-image-3502\" style=\"width: 150px;\" src=\"https:\/\/www.schulzentrum-stetten-akm.de\/wp-content\/uploads\/2020\/05\/Moodle-logo-large-scaled.jpg\" alt=\"\" srcset=\"https:\/\/www.schulzentrum-stetten-akm.de\/wp-content\/uploads\/2020\/05\/Moodle-logo-large-scaled.jpg 2048w, https:\/\/www.schulzentrum-stetten-akm.de\/wp-content\/uploads\/2020\/05\/Moodle-logo-large-300x74.jpg 300w, https:\/\/www.schulzentrum-stetten-akm.de\/wp-content\/uploads\/2020\/05\/Moodle-logo-large-1024x253.jpg 1024w, https:\/\/www.schulzentrum-stetten-akm.de\/wp-content\/uploads\/2020\/05\/Moodle-logo-large-768x190.jpg 768w, https:\/\/www.schulzentrum-stetten-akm.de\/wp-content\/uploads\/2020\/05\/Moodle-logo-large-1536x380.jpg 1536w\" sizes=\"auto, (max-width: 150px) 100vw, 150px\" \/><\/a><\/div>\n\n\n\n<p class=\"has-text-align-center has-small-font-size\">Hier geht es zur &#8222;Moodle-Plattform&#8220; unserer Schule<\/p>\n<\/div>\n<\/div>\n\n\n\n<p class=\"has-text-align-center has-large-font-size\">Allgemeine Informationen<\/p>\n\n\n\n<div class=\"wp-block-button aligncenter\"><a class=\"wp-block-button__link has-background has-pale-pink-background-color\" href=\"https:\/\/www.schulzentrum-stetten-akm.de\/wp-content\/uploads\/2020\/03\/Lerntagebuch-im-Homeoffice-1.pdf\">Anleitung F\u00fchrung Lerntagebuch in der Karenzzeit<\/a><\/div>\n\n\n\n<div class=\"wp-block-button aligncenter is-style-fill\"><a class=\"wp-block-button__link has-text-color has-background has-vivid-red-background-color\" href=\"https:\/\/www.schulzentrum-stetten-akm.de\/wp-content\/uploads\/2020\/03\/Musterwoche-Lerntagebuch-bis-Klasse-7-scaled.jpg\" style=\"color:#010405\" target=\"_blank\" rel=\"noreferrer noopener\"><strong>Wie f\u00fchre ich mein Lerntagebuch in der Karenzzeit &gt; Lerngruppe 5-7<\/strong><\/a><\/div>\n\n\n\n<div class=\"wp-block-button aligncenter is-style-fill\"><a class=\"wp-block-button__link has-text-color has-background has-luminous-vivid-orange-background-color\" href=\"https:\/\/www.schulzentrum-stetten-akm.de\/wp-content\/uploads\/2020\/03\/Musterwoche-Lerntagebuch-ab-Klasse-8-scaled.jpg\" style=\"color:#010405\" target=\"_blank\" rel=\"noreferrer noopener\"><strong>Wie f\u00fchre ich mein Lerntagebuch in der Karenzzeit &gt; Lerngruppe 8-10<\/strong><\/a><\/div>\n\n\n\n<p><\/p>","protected":false},"excerpt":{"rendered":"<p>Lernpl\u00e4ne f\u00fcr die jeweiligen Klassenstufen Die Umstellung von \u201eUnterricht in der Schule\u201c zu \u201eUnterricht zu Hause\u201c wird f\u00fcr uns alle, insbesondere f\u00fcr die Sch\u00fclerInnen und LernpartnerInnen eine Umstellung sein. Die &hellip; <\/p>","protected":false},"author":1,"featured_media":0,"parent":0,"menu_order":0,"comment_status":"closed","ping_status":"closed","template":"","meta":{"footnotes":""},"class_list":["post-996","page","type-page","status-publish","hentry"],"_links":{"self":[{"href":"https:\/\/www.schulzentrum-stetten-akm.de\/pl\/wp-json\/wp\/v2\/pages\/996","targetHints":{"allow":["GET"]}}],"collection":[{"href":"https:\/\/www.schulzentrum-stetten-akm.de\/pl\/wp-json\/wp\/v2\/pages"}],"about":[{"href":"https:\/\/www.schulzentrum-stetten-akm.de\/pl\/wp-json\/wp\/v2\/types\/page"}],"author":[{"embeddable":true,"href":"https:\/\/www.schulzentrum-stetten-akm.de\/pl\/wp-json\/wp\/v2\/users\/1"}],"replies":[{"embeddable":true,"href":"https:\/\/www.schulzentrum-stetten-akm.de\/pl\/wp-json\/wp\/v2\/comments?post=996"}],"version-history":[{"count":64,"href":"https:\/\/www.schulzentrum-stetten-akm.de\/pl\/wp-json\/wp\/v2\/pages\/996\/revisions"}],"predecessor-version":[{"id":3776,"href":"https:\/\/www.schulzentrum-stetten-akm.de\/pl\/wp-json\/wp\/v2\/pages\/996\/revisions\/3776"}],"wp:attachment":[{"href":"https:\/\/www.schulzentrum-stetten-akm.de\/pl\/wp-json\/wp\/v2\/media?parent=996"}],"curies":[{"name":"wp","href":"https:\/\/api.w.org\/{rel}","templated":true}]}}

Materialbörse

<div class="wp-block-image"><figure class="aligncenter size-medium"><img loading="lazy" decoding="async" width="300" height="157" src="https://www.schulzentrum-stetten-akm.de/wp-content/uploads/2020/03/lernen-300x157.jpg" alt="" class="wp-image-1003" srcset="https://www.schulzentrum-stetten-akm.de/wp-content/uploads/2020/03/lernen-300x157.jpg 300w, https://www.schulzentrum-stetten-akm.de/wp-content/uploads/2020/03/lernen-768x403.jpg 768w, https://www.schulzentrum-stetten-akm.de/wp-content/uploads/2020/03/lernen.jpg 900w" sizes="auto, (max-width: 300px) 100vw, 300px" /></figure></div>



<p class="has-text-align-center has-large-font-size">Lernpläne für die jeweiligen Klassenstufen</p>



<p>Die Umstellung von „Unterricht in der Schule“ zu „Unterricht zu Hause“ wird für uns alle, insbesondere für die SchülerInnen und LernpartnerInnen eine Umstellung sein. Die folgenden Hinweise sollen als Unterstützung dienen diese neue Situation gut und effektiv zu meistern.<br>Die tägliche Arbeit an Schulmaterialien sollten ab Stufe 5&nbsp;<em>mindestens&nbsp;<strong>vier</strong>&nbsp;Stunden</em>, in Prüfungsklassen mehr umfassen.</p>



<p><strong>Grundschule:</strong><br />1.-4. Klasse täglich: min. 3-4 Stunden<br /><br /><strong>Sekundarstufe (5 &#8211; 10):</strong> <br />täglich min. 4 Stunden, <br /><span style="color: #ff0000;">in Prüfungsklassen (RS 10 und G-Niveau 9) mehr &#8211;&gt; 4-6 Stunden</span></p>



<p class="has-background has-luminous-vivid-orange-background-color">Wir empfehlen ein pünktliches Starten in den Tag (gegen 8 Uhr) und effektive Arbeit mit den üblichen Pausen, am besten an der frischen Luft.</p>



<p>Bei Problemen ist zunächst die Homepage zu konsultieren, anschließend MitschülerInnen (telefonisch) und wenn auch dies keine Abhilfe schafft, die entsprechenden <a href="https://www.schulzentrum-stetten-akm.de/pl/lehrer/godziny-pracy/">Lehrkräfte per Mail</a>. </p>



<p>Die Lern- und Aufgabenpakete sind mit Angaben versehen <strong>bis wann</strong> sie zu erledigen sind – diese sind zu beachten und die Tage entsprechend zu strukturieren.</p>



<p>Lösungsblätter und weitere Hinweise bei Bedarf auf dieser Seite.</p>



<div class="wp-block-button aligncenter is-style-outline is-style-outline--1"><a class="wp-block-button__link has-text-color has-very-light-gray-color has-background has-vivid-red-background-color" href="https://www.schulzentrum-stetten-akm.de/wp-content/uploads/2020/04/Elterninformation-Lernen-zu-Hause-Stand-20-4-2020.pdf">Lerntipps Hinweise vom ZSL</a></div>



<hr class="wp-block-separator is-style-wide"/>



<div class="wp-block-columns is-layout-flex wp-container-core-columns-is-layout-1 wp-block-columns-is-layout-flex">
<div class="wp-block-column is-layout-flow wp-block-column-is-layout-flow" style="flex-basis:33.34%">
<p class="has-text-align-center has-large-font-size"><span style="color:#0693e3" class="tadv-color">Szkoła podstawowa</span></p>



<hr class="wp-block-separator is-style-wide"/>



<div class="wp-block-button aligncenter"><a class="wp-block-button__link has-text-color has-very-dark-gray-color has-background has-vivid-cyan-blue-background-color" href="https://www.schulzentrum-stetten-akm.de/pl/klasse-1-nach-pfingsten/" target="_blank" rel="noreferrer noopener">Klasse 1</a></div>



<div class="wp-block-button aligncenter"><a class="wp-block-button__link has-text-color has-very-dark-gray-color has-background has-vivid-cyan-blue-background-color" href="https://www.schulzentrum-stetten-akm.de/pl/klasse-2-nach-pfingsten/" target="_blank" rel="noreferrer noopener">Klasse 2</a></div>



<div class="wp-block-button aligncenter"><a class="wp-block-button__link has-text-color has-very-dark-gray-color has-background has-vivid-cyan-blue-background-color" href="https://www.schulzentrum-stetten-akm.de/pl/klasse-3/" target="_blank" rel="noreferrer noopener">Klasse 3 </a></div>



<div class="wp-block-button aligncenter"><a class="wp-block-button__link has-text-color has-very-dark-gray-color has-background has-vivid-cyan-blue-background-color" href="https://www.schulzentrum-stetten-akm.de/pl/klasse-4/" target="_blank" rel="noreferrer noopener">Klasse 4</a></div>



<div class="wp-block-button aligncenter"><a class="wp-block-button__link has-text-color has-luminous-vivid-amber-color" href="https://www.schulzentrum-stetten-akm.de/pl/sport-gs/">Sport GS<br>vor Ostern</a></div>
</div>



<div class="wp-block-column is-layout-flow wp-block-column-is-layout-flow" style="flex-basis:33.34%">
<p class="has-text-align-center has-large-font-size"><span style="color:#8ed1fc" class="tadv-color">Drugorzędny</span></p>



<hr class="wp-block-separator is-style-wide"/>



<div class="wp-block-button aligncenter"><a class="wp-block-button__link has-text-color has-very-dark-gray-color has-background has-pale-cyan-blue-background-color" href="https://www.schulzentrum-stetten-akm.de/pl/lerngruppe-5/" target="_blank" rel="noreferrer noopener">Lerngruppe 5</a></div>



<div class="wp-block-button aligncenter"><a class="wp-block-button__link has-text-color has-very-dark-gray-color has-background has-pale-cyan-blue-background-color" href="https://www.schulzentrum-stetten-akm.de/pl/lerngruppe-6/" target="_blank" rel="noreferrer noopener">Lerngruppe 6</a></div>



<div class="wp-block-button aligncenter"><a class="wp-block-button__link has-text-color has-very-dark-gray-color has-background has-pale-cyan-blue-background-color" href="https://www.schulzentrum-stetten-akm.de/pl/lerngruppe-7/" target="_blank" rel="noreferrer noopener">Lerngruppe 7</a></div>



<div class="wp-block-button aligncenter"><a class="wp-block-button__link has-text-color has-very-dark-gray-color has-background has-pale-cyan-blue-background-color" href="https://www.schulzentrum-stetten-akm.de/pl/lerngruppe-8/" target="_blank" rel="noreferrer noopener">Lerngruppe 8</a></div>



<div class="wp-block-button aligncenter"><a class="wp-block-button__link has-text-color has-very-dark-gray-color has-background has-pale-cyan-blue-background-color" href="https://www.schulzentrum-stetten-akm.de/pl/lerngruppen-9/" target="_blank" rel="noreferrer noopener">Lerngruppe 9</a></div>



<div class="wp-block-button aligncenter"><a class="wp-block-button__link has-text-color has-very-dark-gray-color has-background has-pale-cyan-blue-background-color" href="https://www.schulzentrum-stetten-akm.de/pl/lerngruppe-10-2/" target="_blank" rel="noreferrer noopener">Lerngruppe 10</a></div>



<div class="wp-block-button aligncenter"><a class="wp-block-button__link has-text-color has-luminous-vivid-amber-color" href="https://www.schulzentrum-stetten-akm.de/wp-content/uploads/2020/03/Sportplan-Lerngruppe-5-bis-10.pdf">Sport GMS<br>vor Ostern</a></div>
</div>



<div class="wp-block-column is-layout-flow wp-block-column-is-layout-flow" style="flex-basis:33.33%">
<p class="has-text-align-center has-large-font-size"><span style="color:#cf2e2e" class="tadv-color">Links</span> </p>



<div class="wp-block-button aligncenter"><a class="wp-block-button__link has-text-color has-pale-cyan-blue-color has-background" href="https://moodle.schulzentrum-stetten-akm.de/moodle/blocks/exa2fa/login/" style="background-color:#eef3f5" target="_blank" rel="noreferrer noopener"><img loading="lazy" decoding="async" width="150" height="37" class="wp-image-3502" style="width: 150px;" src="https://www.schulzentrum-stetten-akm.de/wp-content/uploads/2020/05/Moodle-logo-large-scaled.jpg" alt="" srcset="https://www.schulzentrum-stetten-akm.de/wp-content/uploads/2020/05/Moodle-logo-large-scaled.jpg 2048w, https://www.schulzentrum-stetten-akm.de/wp-content/uploads/2020/05/Moodle-logo-large-300x74.jpg 300w, https://www.schulzentrum-stetten-akm.de/wp-content/uploads/2020/05/Moodle-logo-large-1024x253.jpg 1024w, https://www.schulzentrum-stetten-akm.de/wp-content/uploads/2020/05/Moodle-logo-large-768x190.jpg 768w, https://www.schulzentrum-stetten-akm.de/wp-content/uploads/2020/05/Moodle-logo-large-1536x380.jpg 1536w" sizes="auto, (max-width: 150px) 100vw, 150px" /></a></div>



<p class="has-text-align-center has-small-font-size">Hier geht es zur &#8222;Moodle-Plattform&#8220; unserer Schule</p>
</div>
</div>



<p class="has-text-align-center has-large-font-size">Allgemeine Informationen</p>



<div class="wp-block-button aligncenter"><a class="wp-block-button__link has-background has-pale-pink-background-color" href="https://www.schulzentrum-stetten-akm.de/wp-content/uploads/2020/03/Lerntagebuch-im-Homeoffice-1.pdf">Anleitung Führung Lerntagebuch in der Karenzzeit</a></div>



<div class="wp-block-button aligncenter is-style-fill"><a class="wp-block-button__link has-text-color has-background has-vivid-red-background-color" href="https://www.schulzentrum-stetten-akm.de/wp-content/uploads/2020/03/Musterwoche-Lerntagebuch-bis-Klasse-7-scaled.jpg" style="color:#010405" target="_blank" rel="noreferrer noopener"><strong>Wie führe ich mein Lerntagebuch in der Karenzzeit &gt; Lerngruppe 5-7</strong></a></div>



<div class="wp-block-button aligncenter is-style-fill"><a class="wp-block-button__link has-text-color has-background has-luminous-vivid-orange-background-color" href="https://www.schulzentrum-stetten-akm.de/wp-content/uploads/2020/03/Musterwoche-Lerntagebuch-ab-Klasse-8-scaled.jpg" style="color:#010405" target="_blank" rel="noreferrer noopener"><strong>Wie führe ich mein Lerntagebuch in der Karenzzeit &gt; Lerngruppe 8-10</strong></a></div>



<p></p>

<p>Lernpläne für die jeweiligen Klassenstufen Die Umstellung von „Unterricht in der Schule“ zu „Unterricht zu Hause“ wird für uns alle, insbesondere für die SchülerInnen und LernpartnerInnen eine Umstellung sein. Die &hellip; </p>
