{"id":358,"date":"2018-10-16T21:26:54","date_gmt":"2018-10-16T19:26:54","guid":{"rendered":"https:\/\/www.schulzentrum-stetten-akm.sig.schule-bw.de\/?page_id=358"},"modified":"2018-11-28T10:19:29","modified_gmt":"2018-11-28T09:19:29","slug":"deklaracja-misji","status":"publish","type":"page","link":"https:\/\/www.schulzentrum-stetten-akm.de\/pl\/nasza-szkola\/deklaracja-misji\/","title":{"rendered":"Deklaracja misji"},"content":{"rendered":"<h2>Nasza misja<\/h2>\n<h3>W naszym o\u015brodku szkolnym<\/h3>\n<p class=\"bodytext\">...uczniowie s\u0105 w centrum uwagi.<br \/>\n...\u0142\u0105czy przestrze\u0144 robocz\u0105 i mieszkaln\u0105.<br \/>\n...edukacja jest wa\u017cna. Rzucamy wyzwania i zach\u0119camy.<br \/>\n...traktujemy si\u0119 nawzajem z szacunkiem i uznaniem.<br \/>\n...ka\u017cdy bierze odpowiedzialno\u015b\u0107 za siebie i innych.<br \/>\n...ka\u017cdy mo\u017ce uczestniczy\u0107 w \u017cyciu szko\u0142y i polega\u0107 na sobie nawzajem.<br \/>\n...wsp\u00f3\u0142pracujemy i jeste\u015bmy otwarci na partner\u00f3w pozaszkolnych.<br \/>\n...radzimy sobie z lud\u017ami i rzeczami w spos\u00f3b wolny od przemocy.<br \/>\n...anga\u017cujemy si\u0119 w nowe rzeczy.<\/p>\n<p><a href=\"https:\/\/www.schulzentrum-stetten-akm.sig.schule-bw.de\/wp-content\/uploads\/2018\/11\/Leitbild.jpg\"><img loading=\"lazy\" decoding=\"async\" class=\"aligncenter wp-image-548 size-full\" src=\"https:\/\/www.schulzentrum-stetten-akm.sig.schule-bw.de\/wp-content\/uploads\/2018\/11\/Leitbild.jpg\" alt=\"\" width=\"560\" height=\"394\" srcset=\"https:\/\/www.schulzentrum-stetten-akm.de\/wp-content\/uploads\/2018\/11\/Leitbild.jpg 560w, https:\/\/www.schulzentrum-stetten-akm.de\/wp-content\/uploads\/2018\/11\/Leitbild-300x211.jpg 300w\" sizes=\"auto, (max-width: 560px) 100vw, 560px\" \/><\/a><\/p>","protected":false},"excerpt":{"rendered":"<p>Unser Leitbild In unserem Schulzentrum &#8230;stehen die Sch\u00fclerinnen und Sch\u00fcler im Mittelpunkt. &#8230;verschmilzt Arbeits- und Lebensraum. &#8230;ist Bildung wichtig. Wir fordern und f\u00f6rdern. &#8230;gehen wir respektvoll und wertsch\u00e4tzend miteinander um. &hellip; <\/p>","protected":false},"author":1,"featured_media":0,"parent":336,"menu_order":0,"comment_status":"closed","ping_status":"closed","template":"","meta":{"footnotes":""},"class_list":["post-358","page","type-page","status-publish","hentry"],"_links":{"self":[{"href":"https:\/\/www.schulzentrum-stetten-akm.de\/pl\/wp-json\/wp\/v2\/pages\/358","targetHints":{"allow":["GET"]}}],"collection":[{"href":"https:\/\/www.schulzentrum-stetten-akm.de\/pl\/wp-json\/wp\/v2\/pages"}],"about":[{"href":"https:\/\/www.schulzentrum-stetten-akm.de\/pl\/wp-json\/wp\/v2\/types\/page"}],"author":[{"embeddable":true,"href":"https:\/\/www.schulzentrum-stetten-akm.de\/pl\/wp-json\/wp\/v2\/users\/1"}],"replies":[{"embeddable":true,"href":"https:\/\/www.schulzentrum-stetten-akm.de\/pl\/wp-json\/wp\/v2\/comments?post=358"}],"version-history":[{"count":4,"href":"https:\/\/www.schulzentrum-stetten-akm.de\/pl\/wp-json\/wp\/v2\/pages\/358\/revisions"}],"predecessor-version":[{"id":549,"href":"https:\/\/www.schulzentrum-stetten-akm.de\/pl\/wp-json\/wp\/v2\/pages\/358\/revisions\/549"}],"up":[{"embeddable":true,"href":"https:\/\/www.schulzentrum-stetten-akm.de\/pl\/wp-json\/wp\/v2\/pages\/336"}],"wp:attachment":[{"href":"https:\/\/www.schulzentrum-stetten-akm.de\/pl\/wp-json\/wp\/v2\/media?parent=358"}],"curies":[{"name":"wp","href":"https:\/\/api.w.org\/{rel}","templated":true}]}}

<h2>Nasza misja</h2>
<h3>W naszym ośrodku szkolnym</h3>
<p class="bodytext">...uczniowie są w centrum uwagi.<br />
...łączy przestrzeń roboczą i mieszkalną.<br />
...edukacja jest ważna. Rzucamy wyzwania i zachęcamy.<br />
...traktujemy się nawzajem z szacunkiem i uznaniem.<br />
...każdy bierze odpowiedzialność za siebie i innych.<br />
...każdy może uczestniczyć w życiu szkoły i polegać na sobie nawzajem.<br />
...współpracujemy i jesteśmy otwarci na partnerów pozaszkolnych.<br />
...radzimy sobie z ludźmi i rzeczami w sposób wolny od przemocy.<br />
...angażujemy się w nowe rzeczy.</p>
<p><a href="https://www.schulzentrum-stetten-akm.sig.schule-bw.de/wp-content/uploads/2018/11/Leitbild.jpg"><img loading="lazy" decoding="async" class="aligncenter wp-image-548 size-full" src="https://www.schulzentrum-stetten-akm.sig.schule-bw.de/wp-content/uploads/2018/11/Leitbild.jpg" alt="" width="560" height="394" srcset="https://www.schulzentrum-stetten-akm.de/wp-content/uploads/2018/11/Leitbild.jpg 560w, https://www.schulzentrum-stetten-akm.de/wp-content/uploads/2018/11/Leitbild-300x211.jpg 300w" sizes="auto, (max-width: 560px) 100vw, 560px" /></a></p>

<p>Unser Leitbild In unserem Schulzentrum &#8230;stehen die Schülerinnen und Schüler im Mittelpunkt. &#8230;verschmilzt Arbeits- und Lebensraum. &#8230;ist Bildung wichtig. Wir fordern und fördern. &#8230;gehen wir respektvoll und wertschätzend miteinander um. &hellip; </p>
