{"id":3221,"date":"2020-05-18T15:28:04","date_gmt":"2020-05-18T13:28:04","guid":{"rendered":"https:\/\/www.schulzentrum-stetten-akm.de\/?page_id=3221"},"modified":"2021-04-14T15:45:54","modified_gmt":"2021-04-14T13:45:54","slug":"soci-news","status":"publish","type":"page","link":"https:\/\/www.schulzentrum-stetten-akm.de\/pl\/soci-news\/","title":{"rendered":"Wiadomo\u015bci spo\u0142eczno\u015bciowe"},"content":{"rendered":"<p class=\"has-large-font-size\">Blokada<\/p>\n\n\n\n<p><span style=\"background-color: #ffffff; color: #ff0000;\"><a style=\"background-color: #ffffff; color: #ff0000;\" href=\"https:\/\/www.schulzentrum-stetten-akm.de\/wp-content\/uploads\/2021\/02\/GS_ELternbrief_Info_Padlet.pdf\" target=\"_blank\" rel=\"noopener noreferrer\">Kliknij tutaj, aby przej\u015b\u0107 do naszej strony dla szk\u00f3\u0142 podstawowych! <\/a><\/span><\/p>\n\n\n\n<p>Tutaj mo\u017cna pobra\u0107 now\u0105 <span style=\"color: #ff0000;\"><a style=\"color: #ff0000;\" href=\"https:\/\/www.schulzentrum-stetten-akm.de\/wp-content\/uploads\/2021\/04\/2021_04_15_ELternbrief_Info_Padlet_f\u00fcr_Eltern_SSAStetten.doc\">Biuletyn szko\u0142y podstawowej - Padlet<\/a><\/span> na kwiecie\u0144 2021 do pobrania tutaj!<\/p>\n\n\n\n<figure class=\"wp-block-image size-large\"><img loading=\"lazy\" decoding=\"async\" width=\"780\" height=\"262\" src=\"https:\/\/www.schulzentrum-stetten-akm.de\/wp-content\/uploads\/2020\/05\/Dance.png\" alt=\"\" class=\"wp-image-3277\" srcset=\"https:\/\/www.schulzentrum-stetten-akm.de\/wp-content\/uploads\/2020\/05\/Dance.png 780w, https:\/\/www.schulzentrum-stetten-akm.de\/wp-content\/uploads\/2020\/05\/Dance-300x101.png 300w, https:\/\/www.schulzentrum-stetten-akm.de\/wp-content\/uploads\/2020\/05\/Dance-768x258.png 768w\" sizes=\"auto, (max-width: 780px) 100vw, 780px\" \/><\/figure>\n\n\n\n<p>Pami\u0119tasz? W pierwszym Lockdown ta\u0144czyli\u015bmy razem przeciwko gor\u0105czce w kabinie. Oto link do naszej warto\u015bci artystycznej!<\/p>\n\n\n\n<p class=\"has-large-font-size\">W lewo:<\/p>\n\n\n\n<p>Wideo: <a href=\"https:\/\/youtu.be\/tl6nC0fsB3M\">https:\/\/www.youtube.com\/watch?v=cKfJfEvfceA<\/a><\/p>\n\n\n\n<p>Muzyka: <a href=\"https:\/\/www.youtube.com\/watch?v=tJi8brYK3Gg\" target=\"_blank\" rel=\"noreferrer noopener\" aria-label=\"https:\/\/www.youtube.com\/watch?v=tJi8brYK3Gg (otwiera si\u0119 w nowej zak\u0142adce)\">https:\/\/www.youtube.com\/watch?v=tJi8brYK3Gg<\/a><\/p>","protected":false},"excerpt":{"rendered":"<p>Lock-Down Hier kommt ihr zu unserer Padletseite f\u00fcr die Grundschule! Hier k\u00f6nnt ihr den neuen Grundschulbrief &#8211; Padlet f\u00fcr April 2021 hier runterladen! Wisst ihr noch?? Im ersten Lockdown haben &hellip; <\/p>","protected":false},"author":1,"featured_media":0,"parent":0,"menu_order":0,"comment_status":"closed","ping_status":"closed","template":"","meta":{"footnotes":""},"class_list":["post-3221","page","type-page","status-publish","hentry"],"_links":{"self":[{"href":"https:\/\/www.schulzentrum-stetten-akm.de\/pl\/wp-json\/wp\/v2\/pages\/3221","targetHints":{"allow":["GET"]}}],"collection":[{"href":"https:\/\/www.schulzentrum-stetten-akm.de\/pl\/wp-json\/wp\/v2\/pages"}],"about":[{"href":"https:\/\/www.schulzentrum-stetten-akm.de\/pl\/wp-json\/wp\/v2\/types\/page"}],"author":[{"embeddable":true,"href":"https:\/\/www.schulzentrum-stetten-akm.de\/pl\/wp-json\/wp\/v2\/users\/1"}],"replies":[{"embeddable":true,"href":"https:\/\/www.schulzentrum-stetten-akm.de\/pl\/wp-json\/wp\/v2\/comments?post=3221"}],"version-history":[{"count":13,"href":"https:\/\/www.schulzentrum-stetten-akm.de\/pl\/wp-json\/wp\/v2\/pages\/3221\/revisions"}],"predecessor-version":[{"id":4805,"href":"https:\/\/www.schulzentrum-stetten-akm.de\/pl\/wp-json\/wp\/v2\/pages\/3221\/revisions\/4805"}],"wp:attachment":[{"href":"https:\/\/www.schulzentrum-stetten-akm.de\/pl\/wp-json\/wp\/v2\/media?parent=3221"}],"curies":[{"name":"wp","href":"https:\/\/api.w.org\/{rel}","templated":true}]}}

Wiadomości społecznościowe

<p class="has-large-font-size">Blokada</p>



<p><span style="background-color: #ffffff; color: #ff0000;"><a style="background-color: #ffffff; color: #ff0000;" href="https://www.schulzentrum-stetten-akm.de/wp-content/uploads/2021/02/GS_ELternbrief_Info_Padlet.pdf" target="_blank" rel="noopener noreferrer">Kliknij tutaj, aby przejść do naszej strony dla szkół podstawowych! </a></span></p>



<p>Tutaj można pobrać nową <span style="color: #ff0000;"><a style="color: #ff0000;" href="https://www.schulzentrum-stetten-akm.de/wp-content/uploads/2021/04/2021_04_15_ELternbrief_Info_Padlet_für_Eltern_SSAStetten.doc">Biuletyn szkoły podstawowej - Padlet</a></span> na kwiecień 2021 do pobrania tutaj!</p>



<figure class="wp-block-image size-large"><img loading="lazy" decoding="async" width="780" height="262" src="https://www.schulzentrum-stetten-akm.de/wp-content/uploads/2020/05/Dance.png" alt="" class="wp-image-3277" srcset="https://www.schulzentrum-stetten-akm.de/wp-content/uploads/2020/05/Dance.png 780w, https://www.schulzentrum-stetten-akm.de/wp-content/uploads/2020/05/Dance-300x101.png 300w, https://www.schulzentrum-stetten-akm.de/wp-content/uploads/2020/05/Dance-768x258.png 768w" sizes="auto, (max-width: 780px) 100vw, 780px" /></figure>



<p>Pamiętasz? W pierwszym Lockdown tańczyliśmy razem przeciwko gorączce w kabinie. Oto link do naszej wartości artystycznej!</p>



<p class="has-large-font-size">W lewo:</p>



<p>Wideo: <a href="https://youtu.be/tl6nC0fsB3M">https://www.youtube.com/watch?v=cKfJfEvfceA</a></p>



<p>Muzyka: <a href="https://www.youtube.com/watch?v=tJi8brYK3Gg" target="_blank" rel="noreferrer noopener" aria-label="https://www.youtube.com/watch?v=tJi8brYK3Gg (otwiera się w nowej zakładce)">https://www.youtube.com/watch?v=tJi8brYK3Gg</a></p>

<p>Lock-Down Hier kommt ihr zu unserer Padletseite für die Grundschule! Hier könnt ihr den neuen Grundschulbrief &#8211; Padlet für April 2021 hier runterladen! Wisst ihr noch?? Im ersten Lockdown haben &hellip; </p>
