{"id":2627,"date":"2020-05-02T18:48:57","date_gmt":"2020-05-02T16:48:57","guid":{"rendered":"https:\/\/www.schulzentrum-stetten-akm.de\/?page_id=2627"},"modified":"2020-05-02T19:00:05","modified_gmt":"2020-05-02T17:00:05","slug":"filmy-edukacyjne-3a-week-6","status":"publish","type":"page","link":"https:\/\/www.schulzentrum-stetten-akm.de\/pl\/filmy-edukacyjne-3a-week-6\/","title":{"rendered":"Filmy szkoleniowe 3a (tydzie\u0144 6)"},"content":{"rendered":"<div class=\"wp-block-button\"><a class=\"wp-block-button__link has-text-color has-very-light-gray-color\" href=\"https:\/\/www.schulzentrum-stetten-akm.de\/wp-content\/uploads\/2020\/05\/IMG_32311.mp4\">Film edukacyjny \"Mno\u017cenie przez dziesi\u0119\u0107<\/a><\/div>\n\n\n\n<div class=\"wp-block-button\"><a class=\"wp-block-button__link has-text-color has-very-light-gray-color has-background has-very-dark-gray-background-color\" href=\"https:\/\/www.schulzentrum-stetten-akm.de\/wp-content\/uploads\/2020\/05\/IMG_32391.mov\">Film edukacyjny 1 \"Historyjka obrazkowa cz\u0119\u015b\u0107 2<\/a><\/div>\n\n\n\n<div class=\"wp-block-button\"><a class=\"wp-block-button__link has-text-color has-very-light-gray-color has-background has-very-dark-gray-background-color\" href=\"https:\/\/www.schulzentrum-stetten-akm.de\/wp-content\/uploads\/2020\/05\/IMG_32401.mp4\">Wideo edukacyjne 2 \"Historyjka obrazkowa cz\u0119\u015b\u0107 2<\/a><\/div>\n\n\n\n<div class=\"wp-block-button\"><a class=\"wp-block-button__link has-text-color has-very-light-gray-color\" href=\"https:\/\/www.schulzentrum-stetten-akm.de\/wp-content\/uploads\/2020\/05\/IMG_32411.mp4\">Film edukacyjny 3 \"Historyjka obrazkowa cz\u0119\u015b\u0107 2<\/a><\/div>\n\n\n\n<div class=\"wp-block-button\"><a class=\"wp-block-button__link has-background has-vivid-red-background-color\" href=\"https:\/\/www.schulzentrum-stetten-akm.de\/wp-content\/uploads\/2020\/05\/Bildergeschichte-Teil-1_WP4_3b.pdf\">Wskaz\u00f3wki dotycz\u0105ce pisania historyjek obrazkowych s. 6+7<br><em>(poniewa\u017c trudno by\u0142o to zobaczy\u0107 na laptopie)<\/em><\/a><\/div>","protected":false},"excerpt":{"rendered":"","protected":false},"author":1,"featured_media":0,"parent":0,"menu_order":0,"comment_status":"closed","ping_status":"closed","template":"","meta":{"footnotes":""},"class_list":["post-2627","page","type-page","status-publish","hentry"],"_links":{"self":[{"href":"https:\/\/www.schulzentrum-stetten-akm.de\/pl\/wp-json\/wp\/v2\/pages\/2627","targetHints":{"allow":["GET"]}}],"collection":[{"href":"https:\/\/www.schulzentrum-stetten-akm.de\/pl\/wp-json\/wp\/v2\/pages"}],"about":[{"href":"https:\/\/www.schulzentrum-stetten-akm.de\/pl\/wp-json\/wp\/v2\/types\/page"}],"author":[{"embeddable":true,"href":"https:\/\/www.schulzentrum-stetten-akm.de\/pl\/wp-json\/wp\/v2\/users\/1"}],"replies":[{"embeddable":true,"href":"https:\/\/www.schulzentrum-stetten-akm.de\/pl\/wp-json\/wp\/v2\/comments?post=2627"}],"version-history":[{"count":3,"href":"https:\/\/www.schulzentrum-stetten-akm.de\/pl\/wp-json\/wp\/v2\/pages\/2627\/revisions"}],"predecessor-version":[{"id":2638,"href":"https:\/\/www.schulzentrum-stetten-akm.de\/pl\/wp-json\/wp\/v2\/pages\/2627\/revisions\/2638"}],"wp:attachment":[{"href":"https:\/\/www.schulzentrum-stetten-akm.de\/pl\/wp-json\/wp\/v2\/media?parent=2627"}],"curies":[{"name":"wp","href":"https:\/\/api.w.org\/{rel}","templated":true}]}}

Filmy szkoleniowe 3a (tydzień 6)

<div class="wp-block-button"><a class="wp-block-button__link has-text-color has-very-light-gray-color" href="https://www.schulzentrum-stetten-akm.de/wp-content/uploads/2020/05/IMG_32311.mp4">Film edukacyjny "Mnożenie przez dziesięć</a></div>



<div class="wp-block-button"><a class="wp-block-button__link has-text-color has-very-light-gray-color has-background has-very-dark-gray-background-color" href="https://www.schulzentrum-stetten-akm.de/wp-content/uploads/2020/05/IMG_32391.mov">Film edukacyjny 1 "Historyjka obrazkowa część 2</a></div>



<div class="wp-block-button"><a class="wp-block-button__link has-text-color has-very-light-gray-color has-background has-very-dark-gray-background-color" href="https://www.schulzentrum-stetten-akm.de/wp-content/uploads/2020/05/IMG_32401.mp4">Wideo edukacyjne 2 "Historyjka obrazkowa część 2</a></div>



<div class="wp-block-button"><a class="wp-block-button__link has-text-color has-very-light-gray-color" href="https://www.schulzentrum-stetten-akm.de/wp-content/uploads/2020/05/IMG_32411.mp4">Film edukacyjny 3 "Historyjka obrazkowa część 2</a></div>



<div class="wp-block-button"><a class="wp-block-button__link has-background has-vivid-red-background-color" href="https://www.schulzentrum-stetten-akm.de/wp-content/uploads/2020/05/Bildergeschichte-Teil-1_WP4_3b.pdf">Wskazówki dotyczące pisania historyjek obrazkowych s. 6+7<br><em>(ponieważ trudno było to zobaczyć na laptopie)</em></a></div>
