{"id":5213,"date":"2022-03-16T13:44:14","date_gmt":"2022-03-16T12:44:14","guid":{"rendered":"https:\/\/www.schulzentrum-stetten-akm.de\/?page_id=5213"},"modified":"2022-03-16T13:44:14","modified_gmt":"2022-03-16T12:44:14","slug":"temas-de-perfil","status":"publish","type":"page","link":"https:\/\/www.schulzentrum-stetten-akm.de\/es\/temas-de-perfil\/","title":{"rendered":"Temas de perfil"},"content":{"rendered":"<p>Una parte esencial de la trayectoria escolar en un GMS incluye la elecci\u00f3n de una \"asignatura de perfil\" en el nivel de aprendizaje 8. (<span style=\"color: #ff0000;\"><a style=\"color: #ff0000;\" href=\"https:\/\/km-bw.de\/site\/pbs-bw-new\/get\/documents\/KULTUS.Dachmandant\/KULTUS\/KM-Homepage\/Artikelseiten%20KP-KM\/Schularten\/Gemeinschaftsschule\/2018_Die%20Profilf%C3%A4cher%20an%20der%20GMS.pdf\" target=\"_blank\" rel=\"noopener noreferrer\">Info-Flyer Perfil de los temas en el GMS<\/a><\/span>)<br>Los socios de aprendizaje pueden elegir entre los siguientes temas de perfil:<\/p>\n<p><a href=\"https:\/\/km-bw.de\/site\/pbs-bw-km-root\/get\/documents_E2082981932\/KULTUS.Dachmandant\/KULTUS\/KM-Homepage\/Artikelseiten%20KP-KM\/Schularten\/Gemeinschaftsschule\/20191016%20HandreichungProfilfaecherMusikKunstSport.pdf\" target=\"_blank\" rel=\"noopener noreferrer\"><span style=\"color: #ff0000;\">Deporte<\/span><\/a><\/p>\n<p><a href=\"https:\/\/km-bw.de\/site\/pbs-bw-km-root\/get\/documents_E1776727488\/KULTUS.Dachmandant\/KULTUS\/KM-Homepage\/Publikationen%202021\/KM_Flyer_GMS_NwT_210617_web.pdf\" target=\"_blank\" rel=\"noopener noreferrer\"><span style=\"color: #ff0000;\">NWT (Ciencias Naturales y Tecnolog\u00eda)<\/span><\/a><\/p>\n<p><a href=\"https:\/\/km-bw.de\/site\/pbs-bw-km-root\/get\/documents_E-1839663610\/KULTUS.Dachmandant\/KULTUS\/KM-Homepage\/Publikationen%202020\/KM_Flyer_GMS_IMP_201019_web.pdf\" target=\"_blank\" rel=\"noopener noreferrer\"><span style=\"color: #ff0000;\">IMP (Inform\u00e1tica, Matem\u00e1ticas, F\u00edsica)<\/span><\/a><\/p>\n<p>(Un \"clic\" en el tema del perfil respectivo le llevar\u00e1 a la informaci\u00f3n correspondiente del Ministerio de Educaci\u00f3n y Asuntos Culturales)<br><br>Su hijo recibir\u00e1 en los pr\u00f3ximos d\u00edas la papeleta de votaci\u00f3n para la asignatura de perfil. Deber\u00e1 rellenarla y devolverla a la escuela antes del 6 de abril.<\/p>\n<p>&nbsp;<\/p>","protected":false},"excerpt":{"rendered":"<p>Ein wesentlicher Bestandteil der Schullaufbahn auf einer GMS beinhaltet in Lernstufe 8 die Wahl eines &#8222;Profilfachs&#8220;. (Info-Flyer Profilf\u00e4cher an der GMS)Die Lernpartner:innen k\u00f6nnen bei uns zwischen folgenden Profilf\u00e4chern w\u00e4hlen: Sport &hellip; <\/p>","protected":false},"author":1,"featured_media":0,"parent":0,"menu_order":0,"comment_status":"closed","ping_status":"closed","template":"","meta":{"footnotes":""},"class_list":["post-5213","page","type-page","status-publish","hentry"],"_links":{"self":[{"href":"https:\/\/www.schulzentrum-stetten-akm.de\/es\/wp-json\/wp\/v2\/pages\/5213","targetHints":{"allow":["GET"]}}],"collection":[{"href":"https:\/\/www.schulzentrum-stetten-akm.de\/es\/wp-json\/wp\/v2\/pages"}],"about":[{"href":"https:\/\/www.schulzentrum-stetten-akm.de\/es\/wp-json\/wp\/v2\/types\/page"}],"author":[{"embeddable":true,"href":"https:\/\/www.schulzentrum-stetten-akm.de\/es\/wp-json\/wp\/v2\/users\/1"}],"replies":[{"embeddable":true,"href":"https:\/\/www.schulzentrum-stetten-akm.de\/es\/wp-json\/wp\/v2\/comments?post=5213"}],"version-history":[{"count":5,"href":"https:\/\/www.schulzentrum-stetten-akm.de\/es\/wp-json\/wp\/v2\/pages\/5213\/revisions"}],"predecessor-version":[{"id":5222,"href":"https:\/\/www.schulzentrum-stetten-akm.de\/es\/wp-json\/wp\/v2\/pages\/5213\/revisions\/5222"}],"wp:attachment":[{"href":"https:\/\/www.schulzentrum-stetten-akm.de\/es\/wp-json\/wp\/v2\/media?parent=5213"}],"curies":[{"name":"wp","href":"https:\/\/api.w.org\/{rel}","templated":true}]}}

<p>Una parte esencial de la trayectoria escolar en un GMS incluye la elección de una "asignatura de perfil" en el nivel de aprendizaje 8. (<span style="color: #ff0000;"><a style="color: #ff0000;" href="https://km-bw.de/site/pbs-bw-new/get/documents/KULTUS.Dachmandant/KULTUS/KM-Homepage/Artikelseiten%20KP-KM/Schularten/Gemeinschaftsschule/2018_Die%20Profilf%C3%A4cher%20an%20der%20GMS.pdf" target="_blank" rel="noopener noreferrer">Info-Flyer Perfil de los temas en el GMS</a></span>)<br>Los socios de aprendizaje pueden elegir entre los siguientes temas de perfil:</p>
<p><a href="https://km-bw.de/site/pbs-bw-km-root/get/documents_E2082981932/KULTUS.Dachmandant/KULTUS/KM-Homepage/Artikelseiten%20KP-KM/Schularten/Gemeinschaftsschule/20191016%20HandreichungProfilfaecherMusikKunstSport.pdf" target="_blank" rel="noopener noreferrer"><span style="color: #ff0000;">Deporte</span></a></p>
<p><a href="https://km-bw.de/site/pbs-bw-km-root/get/documents_E1776727488/KULTUS.Dachmandant/KULTUS/KM-Homepage/Publikationen%202021/KM_Flyer_GMS_NwT_210617_web.pdf" target="_blank" rel="noopener noreferrer"><span style="color: #ff0000;">NWT (Ciencias Naturales y Tecnología)</span></a></p>
<p><a href="https://km-bw.de/site/pbs-bw-km-root/get/documents_E-1839663610/KULTUS.Dachmandant/KULTUS/KM-Homepage/Publikationen%202020/KM_Flyer_GMS_IMP_201019_web.pdf" target="_blank" rel="noopener noreferrer"><span style="color: #ff0000;">IMP (Informática, Matemáticas, Física)</span></a></p>
<p>(Un "clic" en el tema del perfil respectivo le llevará a la información correspondiente del Ministerio de Educación y Asuntos Culturales)<br><br>Su hijo recibirá en los próximos días la papeleta de votación para la asignatura de perfil. Deberá rellenarla y devolverla a la escuela antes del 6 de abril.</p>
<p>&nbsp;</p>

<p>Ein wesentlicher Bestandteil der Schullaufbahn auf einer GMS beinhaltet in Lernstufe 8 die Wahl eines &#8222;Profilfachs&#8220;. (Info-Flyer Profilfächer an der GMS)Die Lernpartner:innen können bei uns zwischen folgenden Profilfächern wählen: Sport &hellip; </p>
