{"id":4299,"date":"2020-11-04T12:24:10","date_gmt":"2020-11-04T11:24:10","guid":{"rendered":"https:\/\/www.schulzentrum-stetten-akm.de\/?page_id=4299"},"modified":"2023-06-23T11:02:22","modified_gmt":"2023-06-23T09:02:22","slug":"equipo-snoopy","status":"publish","type":"page","link":"https:\/\/www.schulzentrum-stetten-akm.de\/es\/equipo-snoopy\/","title":{"rendered":"Equipo Snoopy"},"content":{"rendered":"<p class=\"has-large-font-size\">Curso escolar 2022\/23<\/p>\n\n\n\n<p>El equipo de Snoopy se presenta...<\/p>\n\n\n\n<p>Viola Wolf, Johanna Bertsch, Jule Grathwohl, Eric Hirschberg<\/p>\n\n\n\n<figure class=\"wp-block-image size-large\"><img loading=\"lazy\" decoding=\"async\" width=\"1024\" height=\"576\" src=\"https:\/\/www.schulzentrum-stetten-akm.de\/wp-content\/uploads\/2023\/06\/Bild-Schueler-1024x576.jpg\" alt=\"\" class=\"wp-image-6096\" srcset=\"https:\/\/www.schulzentrum-stetten-akm.de\/wp-content\/uploads\/2023\/06\/Bild-Schueler-1024x576.jpg 1024w, https:\/\/www.schulzentrum-stetten-akm.de\/wp-content\/uploads\/2023\/06\/Bild-Schueler-300x169.jpg 300w, https:\/\/www.schulzentrum-stetten-akm.de\/wp-content\/uploads\/2023\/06\/Bild-Schueler-768x432.jpg 768w, https:\/\/www.schulzentrum-stetten-akm.de\/wp-content\/uploads\/2023\/06\/Bild-Schueler-18x10.jpg 18w, https:\/\/www.schulzentrum-stetten-akm.de\/wp-content\/uploads\/2023\/06\/Bild-Schueler.jpg 1386w\" sizes=\"auto, (max-width: 1024px) 100vw, 1024px\" \/><figcaption class=\"wp-element-caption\">Viola Wolf, Johanna Bertsch, Jule Grathwohl, Eric Hirschberg<\/figcaption><\/figure>\n\n\n\n<h2 class=\"wp-block-heading\">\u00bfQu\u00e9 es Snoopy?<\/h2>\n\n\n\n<h2 class=\"has-text-align-left wp-block-heading\"> <\/h2>\n\n\n\n<figure class=\"wp-block-image size-full\"><img loading=\"lazy\" decoding=\"async\" width=\"270\" height=\"371\" src=\"https:\/\/www.schulzentrum-stetten-akm.de\/wp-content\/uploads\/2023\/06\/Snoopy.png\" alt=\"\" class=\"wp-image-6106\" srcset=\"https:\/\/www.schulzentrum-stetten-akm.de\/wp-content\/uploads\/2023\/06\/Snoopy.png 270w, https:\/\/www.schulzentrum-stetten-akm.de\/wp-content\/uploads\/2023\/06\/Snoopy-218x300.png 218w, https:\/\/www.schulzentrum-stetten-akm.de\/wp-content\/uploads\/2023\/06\/Snoopy-9x12.png 9w\" sizes=\"auto, (max-width: 270px) 100vw, 270px\" \/><\/figure>\n\n\n\n<p>...es un servicio ofrecido por la capellan\u00eda escolar para la atenci\u00f3n emocional de alumnos de primaria y compa\u00f1eros de aprendizaje.<br><\/p>\n\n\n\n<p><strong>\u00bfQui\u00e9n es Snoopy?<\/strong><\/p>\n\n\n\n<p>...da apoyo y ayuda con<br>&nbsp;&nbsp;&nbsp;&nbsp;&nbsp;&nbsp;&nbsp;&nbsp;&nbsp;&nbsp;&nbsp;&nbsp;&nbsp;&nbsp;&nbsp;&nbsp;&nbsp;&nbsp;&nbsp;&nbsp;&nbsp;&nbsp;&nbsp;&nbsp;&nbsp;&nbsp;&nbsp;&nbsp; p\u00e9rdidas,<br>&nbsp;&nbsp;&nbsp;&nbsp;&nbsp;&nbsp;&nbsp;&nbsp;&nbsp;&nbsp;&nbsp;&nbsp;&nbsp;&nbsp;&nbsp;&nbsp;&nbsp;&nbsp;&nbsp;&nbsp;&nbsp;&nbsp;&nbsp;&nbsp;&nbsp;&nbsp;&nbsp;&nbsp; Situaciones de despedida y duelo<br>&nbsp;&nbsp; mediante el apoyo al di\u00e1logo<\/p>\n\n\n\n<p>Equipo formado por el trabajador social escolar, la capellan\u00eda escolar, el facilitador del aprendizaje y los socios de aprendizaje certificados.<\/p>\n\n\n\n<p><em>&nbsp;&nbsp;&nbsp;&nbsp; <u>actual<\/u><\/em>Sr. Buck, Sra. Straub, Sra. Ziegler<br>&nbsp;&nbsp;&nbsp;&nbsp;<br>&nbsp;&nbsp;&nbsp;&nbsp;&nbsp;&nbsp;&nbsp;&nbsp;&nbsp;&nbsp;&nbsp;&nbsp;&nbsp;&nbsp;&nbsp;&nbsp;&nbsp;&nbsp;&nbsp;&nbsp;&nbsp;&nbsp; Erik Hirschberg, Johanna Bertsch, Viola Wolf y Jule Grathwohl (Grupo de aprendizaje 9)<br><\/p>\n\n\n\n<h2 class=\"wp-block-heading\">\u00bfQu\u00e9 es la pastoral escolar?<\/h2>\n\n\n\n<p>Servicio a las personas<\/p>\n\n\n\n<p>La pastoral escolar es una oferta de la Iglesia para la orientaci\u00f3n religiosa y para una convivencia humana en el espacio vital de la escuela.<\/p>\n\n\n\n<p>Se orienta hacia la especificidad y las necesidades de la escuela.<\/p>\n\n\n\n<p>Esto se convirti\u00f3 en el Snoopyteam (2018), la Habitaci\u00f3n del Silencio (2022) y actualmente el Proyecto Compasi\u00f3n (2022).<\/p>\n\n\n\n<p>La pastoral escolar quiere ser un lugar donde encontrar \"fuentes de fortaleza\" para el viaje personal por la vida.<\/p>\n\n\n\n<p>Abierto a todos<\/p>\n\n\n\n<p>La pastoral escolar debe entenderse como una invitaci\u00f3n, independientemente de la confesi\u00f3n religiosa. Es una oferta que se dirige a todos los implicados en la vida escolar, independientemente de las clases.<\/p>\n\n\n\n<p>Confidencial y gratuito<\/p>\n\n\n\n<p>El objetivo de la pastoral escolar es acompa\u00f1ar a las personas en sus preguntas, preocupaciones y necesidades personales, de forma confidencial y gratuita.<\/p>\n\n\n\n<p><strong>Sobre m\u00ed<\/strong><\/p>\n\n\n\n<figure class=\"wp-block-image size-full\"><img loading=\"lazy\" decoding=\"async\" width=\"523\" height=\"731\" src=\"https:\/\/www.schulzentrum-stetten-akm.de\/wp-content\/uploads\/2023\/06\/Bild-Straub.jpg\" alt=\"\" class=\"wp-image-6111\" srcset=\"https:\/\/www.schulzentrum-stetten-akm.de\/wp-content\/uploads\/2023\/06\/Bild-Straub.jpg 523w, https:\/\/www.schulzentrum-stetten-akm.de\/wp-content\/uploads\/2023\/06\/Bild-Straub-215x300.jpg 215w, https:\/\/www.schulzentrum-stetten-akm.de\/wp-content\/uploads\/2023\/06\/Bild-Straub-9x12.jpg 9w\" sizes=\"auto, (max-width: 523px) 100vw, 523px\" \/><\/figure>\n\n\n\n<p>Soy profesora de religi\u00f3n cat\u00f3lica en el centro escolar Stetten am kalten Markt desde 2014.<\/p>\n\n\n\n<p>En el verano de 2018, recib\u00ed oficialmente el encargo de la Iglesia cat\u00f3lica como capell\u00e1n escolar tras completar con \u00e9xito dos a\u00f1os de formaci\u00f3n continua. La Iglesia cat\u00f3lica tambi\u00e9n corre con los gastos de mi labor pastoral en el centro escolar.<\/p>\n\n\n\n<p><strong>Ofertas de la capellan\u00eda escolar<\/strong><\/p>\n\n\n\n<p><em>Asesoramiento y acompa\u00f1amiento...<\/em><\/p>\n\n\n\n<p><em>- con problemas personales y escolares<\/em><\/p>\n\n\n\n<p><em>- en la vida personal y en situaciones de crisis<\/em><\/p>\n\n\n\n<p><em>Ser interlocutor...<\/em><\/p>\n\n\n\n<ul class=\"wp-block-list\">\n<li>Cuando se abordan las cuestiones del sentido, de Dios<\/li>\n<\/ul>\n\n\n\n<p><em>Trabajo de duelo e intervenci\u00f3n en crisis...<\/em><\/p>\n\n\n\n<ul class=\"wp-block-list\">\n<li>Proyecto \"Mochila del duelo\" - Snoopyteam<\/li>\n\n\n\n<li>Sala del Silencio<\/li>\n<\/ul>\n\n\n\n<p><em>Compasi\u00f3n<\/em><\/p>\n\n\n\n<ul class=\"wp-block-list\">\n<li>Introducci\u00f3n y apoyo<\/li>\n<\/ul>\n\n\n\n<p><em>Ayudar a organizar los servicios religiosos<\/em><\/p>\n\n\n\n<p><strong>P\u00f3ngase en contacto con<\/strong><\/p>\n\n\n\n<p>Martina Straub - Capell\u00e1n de la escuela<\/p>\n\n\n\n<p><a href=\"mailto:straub@schulzentrum-stetten-akm.de\">straub@schulzentrum-stetten-akm.de<\/a><\/p>\n\n\n\n<p>Secretar\u00eda de la escuela: 07573 95190 (Sra. Keller, Sra. Hotz)<\/p>","protected":false},"excerpt":{"rendered":"<p>Schuljahr 2022\/23 Das Snoopy-Team stellt sich vor&#8230; Viola Wolf, Johanna Bertsch, Jule Grathwohl, Eric Hirschberg Was ist Snoopy? \u2026ist ein Angebot der Schulseelsorge zur emotionalen Betreuung von Grundsch\u00fclern und Lernpartner*innen &hellip; <\/p>","protected":false},"author":1,"featured_media":0,"parent":0,"menu_order":0,"comment_status":"closed","ping_status":"closed","template":"","meta":{"footnotes":""},"class_list":["post-4299","page","type-page","status-publish","hentry"],"_links":{"self":[{"href":"https:\/\/www.schulzentrum-stetten-akm.de\/es\/wp-json\/wp\/v2\/pages\/4299","targetHints":{"allow":["GET"]}}],"collection":[{"href":"https:\/\/www.schulzentrum-stetten-akm.de\/es\/wp-json\/wp\/v2\/pages"}],"about":[{"href":"https:\/\/www.schulzentrum-stetten-akm.de\/es\/wp-json\/wp\/v2\/types\/page"}],"author":[{"embeddable":true,"href":"https:\/\/www.schulzentrum-stetten-akm.de\/es\/wp-json\/wp\/v2\/users\/1"}],"replies":[{"embeddable":true,"href":"https:\/\/www.schulzentrum-stetten-akm.de\/es\/wp-json\/wp\/v2\/comments?post=4299"}],"version-history":[{"count":11,"href":"https:\/\/www.schulzentrum-stetten-akm.de\/es\/wp-json\/wp\/v2\/pages\/4299\/revisions"}],"predecessor-version":[{"id":6113,"href":"https:\/\/www.schulzentrum-stetten-akm.de\/es\/wp-json\/wp\/v2\/pages\/4299\/revisions\/6113"}],"wp:attachment":[{"href":"https:\/\/www.schulzentrum-stetten-akm.de\/es\/wp-json\/wp\/v2\/media?parent=4299"}],"curies":[{"name":"wp","href":"https:\/\/api.w.org\/{rel}","templated":true}]}}

<p class="has-large-font-size">Curso escolar 2022/23</p>



<p>El equipo de Snoopy se presenta...</p>



<p>Viola Wolf, Johanna Bertsch, Jule Grathwohl, Eric Hirschberg</p>



<figure class="wp-block-image size-large"><img loading="lazy" decoding="async" width="1024" height="576" src="https://www.schulzentrum-stetten-akm.de/wp-content/uploads/2023/06/Bild-Schueler-1024x576.jpg" alt="" class="wp-image-6096" srcset="https://www.schulzentrum-stetten-akm.de/wp-content/uploads/2023/06/Bild-Schueler-1024x576.jpg 1024w, https://www.schulzentrum-stetten-akm.de/wp-content/uploads/2023/06/Bild-Schueler-300x169.jpg 300w, https://www.schulzentrum-stetten-akm.de/wp-content/uploads/2023/06/Bild-Schueler-768x432.jpg 768w, https://www.schulzentrum-stetten-akm.de/wp-content/uploads/2023/06/Bild-Schueler-18x10.jpg 18w, https://www.schulzentrum-stetten-akm.de/wp-content/uploads/2023/06/Bild-Schueler.jpg 1386w" sizes="auto, (max-width: 1024px) 100vw, 1024px" /><figcaption class="wp-element-caption">Viola Wolf, Johanna Bertsch, Jule Grathwohl, Eric Hirschberg</figcaption></figure>



<h2 class="wp-block-heading">¿Qué es Snoopy?</h2>



<h2 class="has-text-align-left wp-block-heading"> </h2>



<figure class="wp-block-image size-full"><img loading="lazy" decoding="async" width="270" height="371" src="https://www.schulzentrum-stetten-akm.de/wp-content/uploads/2023/06/Snoopy.png" alt="" class="wp-image-6106" srcset="https://www.schulzentrum-stetten-akm.de/wp-content/uploads/2023/06/Snoopy.png 270w, https://www.schulzentrum-stetten-akm.de/wp-content/uploads/2023/06/Snoopy-218x300.png 218w, https://www.schulzentrum-stetten-akm.de/wp-content/uploads/2023/06/Snoopy-9x12.png 9w" sizes="auto, (max-width: 270px) 100vw, 270px" /></figure>



<p>...es un servicio ofrecido por la capellanía escolar para la atención emocional de alumnos de primaria y compañeros de aprendizaje.<br></p>



<p><strong>¿Quién es Snoopy?</strong></p>



<p>...da apoyo y ayuda con<br>&nbsp;&nbsp;&nbsp;&nbsp;&nbsp;&nbsp;&nbsp;&nbsp;&nbsp;&nbsp;&nbsp;&nbsp;&nbsp;&nbsp;&nbsp;&nbsp;&nbsp;&nbsp;&nbsp;&nbsp;&nbsp;&nbsp;&nbsp;&nbsp;&nbsp;&nbsp;&nbsp;&nbsp; pérdidas,<br>&nbsp;&nbsp;&nbsp;&nbsp;&nbsp;&nbsp;&nbsp;&nbsp;&nbsp;&nbsp;&nbsp;&nbsp;&nbsp;&nbsp;&nbsp;&nbsp;&nbsp;&nbsp;&nbsp;&nbsp;&nbsp;&nbsp;&nbsp;&nbsp;&nbsp;&nbsp;&nbsp;&nbsp; Situaciones de despedida y duelo<br>&nbsp;&nbsp; mediante el apoyo al diálogo</p>



<p>Equipo formado por el trabajador social escolar, la capellanía escolar, el facilitador del aprendizaje y los socios de aprendizaje certificados.</p>



<p><em>&nbsp;&nbsp;&nbsp;&nbsp; <u>actual</u></em>Sr. Buck, Sra. Straub, Sra. Ziegler<br>&nbsp;&nbsp;&nbsp;&nbsp;<br>&nbsp;&nbsp;&nbsp;&nbsp;&nbsp;&nbsp;&nbsp;&nbsp;&nbsp;&nbsp;&nbsp;&nbsp;&nbsp;&nbsp;&nbsp;&nbsp;&nbsp;&nbsp;&nbsp;&nbsp;&nbsp;&nbsp; Erik Hirschberg, Johanna Bertsch, Viola Wolf y Jule Grathwohl (Grupo de aprendizaje 9)<br></p>



<h2 class="wp-block-heading">¿Qué es la pastoral escolar?</h2>



<p>Servicio a las personas</p>



<p>La pastoral escolar es una oferta de la Iglesia para la orientación religiosa y para una convivencia humana en el espacio vital de la escuela.</p>



<p>Se orienta hacia la especificidad y las necesidades de la escuela.</p>



<p>Esto se convirtió en el Snoopyteam (2018), la Habitación del Silencio (2022) y actualmente el Proyecto Compasión (2022).</p>



<p>La pastoral escolar quiere ser un lugar donde encontrar "fuentes de fortaleza" para el viaje personal por la vida.</p>



<p>Abierto a todos</p>



<p>La pastoral escolar debe entenderse como una invitación, independientemente de la confesión religiosa. Es una oferta que se dirige a todos los implicados en la vida escolar, independientemente de las clases.</p>



<p>Confidencial y gratuito</p>



<p>El objetivo de la pastoral escolar es acompañar a las personas en sus preguntas, preocupaciones y necesidades personales, de forma confidencial y gratuita.</p>



<p><strong>Sobre mí</strong></p>



<figure class="wp-block-image size-full"><img loading="lazy" decoding="async" width="523" height="731" src="https://www.schulzentrum-stetten-akm.de/wp-content/uploads/2023/06/Bild-Straub.jpg" alt="" class="wp-image-6111" srcset="https://www.schulzentrum-stetten-akm.de/wp-content/uploads/2023/06/Bild-Straub.jpg 523w, https://www.schulzentrum-stetten-akm.de/wp-content/uploads/2023/06/Bild-Straub-215x300.jpg 215w, https://www.schulzentrum-stetten-akm.de/wp-content/uploads/2023/06/Bild-Straub-9x12.jpg 9w" sizes="auto, (max-width: 523px) 100vw, 523px" /></figure>



<p>Soy profesora de religión católica en el centro escolar Stetten am kalten Markt desde 2014.</p>



<p>En el verano de 2018, recibí oficialmente el encargo de la Iglesia católica como capellán escolar tras completar con éxito dos años de formación continua. La Iglesia católica también corre con los gastos de mi labor pastoral en el centro escolar.</p>



<p><strong>Ofertas de la capellanía escolar</strong></p>



<p><em>Asesoramiento y acompañamiento...</em></p>



<p><em>- con problemas personales y escolares</em></p>



<p><em>- en la vida personal y en situaciones de crisis</em></p>



<p><em>Ser interlocutor...</em></p>



<ul class="wp-block-list">
<li>Cuando se abordan las cuestiones del sentido, de Dios</li>
</ul>



<p><em>Trabajo de duelo e intervención en crisis...</em></p>



<ul class="wp-block-list">
<li>Proyecto "Mochila del duelo" - Snoopyteam</li>



<li>Sala del Silencio</li>
</ul>



<p><em>Compasión</em></p>



<ul class="wp-block-list">
<li>Introducción y apoyo</li>
</ul>



<p><em>Ayudar a organizar los servicios religiosos</em></p>



<p><strong>Póngase en contacto con</strong></p>



<p>Martina Straub - Capellán de la escuela</p>



<p><a href="mailto:straub@schulzentrum-stetten-akm.de">straub@schulzentrum-stetten-akm.de</a></p>



<p>Secretaría de la escuela: 07573 95190 (Sra. Keller, Sra. Hotz)</p>

<p>Schuljahr 2022/23 Das Snoopy-Team stellt sich vor&#8230; Viola Wolf, Johanna Bertsch, Jule Grathwohl, Eric Hirschberg Was ist Snoopy? …ist ein Angebot der Schulseelsorge zur emotionalen Betreuung von Grundschülern und Lernpartner*innen &hellip; </p>
